NOAA-Style Climate Reports
Select a Year or Month report
2024: Ιαν Φεβ Μάρ Απρ Μάϊ Ιού Ιού Αύγ Σεπ Οκτ Νοέ Δεκ
2023: Ιαν Φεβ Μάρ Απρ Μάϊ Ιού Ιού Αύγ Σεπ Οκτ Νοέ Δεκ
2024: Ιαν Φεβ Μάρ Απρ Μάϊ Ιού Ιού Αύγ Σεπ Οκτ Νοέ Δεκ
2023: Ιαν Φεβ Μάρ Απρ Μάϊ Ιού Ιού Αύγ Σεπ Οκτ Νοέ Δεκ
Αναφορά για 2024 Απρίλιος
Daily noaa report MONTHLY CLIMATOLOGICAL SUMMARY for APR. 2024 NAME: Agios Christoforos CITY: Kavala STATE: Kavala ELEV: 130m LAT: 048:58:23 LONG: -024:08:40 TEMPERATURE ( °C), RAIN (mm), WIND SPEED (kmh) HEAT COOL AVG MEAN DEG DEG WIND DOM DAY TEMP HIGH TIME LOW TIME DAYS DAYS RAIN SPEED HIGH TIME DIR -------------------------------------------------------------------------------------------------------- 01 17.7 25.3 16:26 11.5 07:44 00.6 00.0 00.0 01.6 11.1 17:14 ESE 02 18.2 26.3 16:47 11.3 06:41 00.1 00.0 00.0 03.3 25.9 23:51 WSW 03 18.0 23.7 15:04 12.3 07:31 00.3 00.0 00.0 04.5 31.4 00:25 W 04 16.7 24.6 16:21 10.0 07:24 01.6 00.0 00.0 03.8 25.9 18:01 SE 05 16.9 25.4 15:18 10.2 06:29 01.4 00.0 00.0 02.9 27.8 17:28 ESE 06 17.3 25.4 14:54 10.2 06:44 01.0 00.0 00.0 02.6 22.2 16:15 E 07 17.5 23.4 11:33 12.9 06:36 00.8 00.0 00.0 03.2 29.6 18:24 SE 08 17.0 23.2 13:43 09.9 07:08 01.3 00.0 00.0 03.2 22.2 14:57 E 09 16.9 25.3 18:44 09.7 07:40 01.4 00.0 00.0 02.1 22.2 15:05 SW 10 17.7 25.7 15:57 10.2 07:17 00.6 00.0 00.0 02.4 18.5 18:01 E 11 18.6 26.2 17:19 11.1 06:42 00.0 00.3 00.0 03.9 27.8 15:29 ESE 12 21.8 29.2 16:01 15.9 06:23 00.0 03.5 00.0 02.8 18.5 17:28 SW 13 20.3 28.4 15:20 14.2 08:02 00.0 02.0 00.0 03.6 20.4 18:35 ESE 14 20.5 28.1 17:13 13.7 06:28 00.0 02.2 00.0 02.7 20.4 17:32 W 15 21.3 29.5 18:24 14.2 05:40 00.0 03.0 00.0 02.1 20.4 15:57 ESE 16 19.8 25.3 13:47 14.8 06:44 00.0 01.5 00.0 06.1 31.4 20:07 E 17 19.0 25.7 14:55 14.9 06:59 00.0 00.7 01.2 05.2 22.2 14:49 W 18 15.8 19.1 15:57 10.5 06:28 02.5 00.0 00.2 14.5 62.9 15:38 W 19 13.5 18.8 15:29 08.6 06:40 04.8 00.0 00.8 03.8 22.2 22:47 SE 20 14.6 19.9 14:28 10.5 07:01 03.7 00.0 05.2 05.1 22.2 14:31 WNW 21 12.2 16.7 15:58 09.9 23:47 06.1 00.0 07.2 07.5 35.1 15:16 E 22 13.0 17.6 16:56 07.0 06:27 05.3 00.0 00.0 03.8 27.8 04:27 N 23 14.6 18.9 23:30 11.1 08:35 03.7 00.0 11.2 08.4 29.6 20:10 ESE 24 18.2 24.6 19:10 12.8 06:56 00.1 00.0 00.0 04.3 24.1 14:09 WNW 25 15.6 18.9 17:50 11.5 07:41 02.7 00.0 01.4 06.4 33.3 23:07 W 26 15.1 22.2 18:41 08.3 06:36 03.2 00.0 00.0 03.3 18.5 00:06 ESE -------------------------------------------------------------------------------------------------------- 17.2 (17.6) 29.5 day 15 07.0 day 22 041.3 013.3 027.2 04.4 62.9 day 18 SW Min < 30: 26 Max Rain: 11.2 ON 23-04-24 Days of Rain: 7 (> .2mm) 3 (> 2mm) 0 (> 20mm)