MONTHLY CLIMATOLOGICAL SUMMARY for APR. 2024 NAME: Zygos WX CITY: Zygos STATE: Kavala, GR ELEV: 87m LAT: 040:59:17 LONG: -024:22:07 TEMPERATURE ( °C), RAIN (mm), WIND SPEED (kmh) HEAT COOL AVG MEAN DEG DEG WIND DOM DAY TEMP HIGH TIME LOW TIME DAYS DAYS RAIN SPEED HIGH TIME DIR ---------------------------------------------------------------------------------------------------------------------------------------------------------- 01 16.6 26.1 14:58 08.3 07:20 01.7 00.0 00.0 03.0 18.5 17:46 SSE 02 17.1 26.0 17:32 10.2 04:47 01.2 00.0 00.0 02.9 18.5 23:26 ESE 03 16.0 22.2 14:13 07.9 07:11 02.3 00.0 00.0 06.8 29.6 17:10 SE 04 15.6 23.5 16:25 07.8 07:53 02.7 00.0 00.0 05.0 29.6 16:42 SE 05 15.5 25.8 15:32 06.9 07:36 02.8 00.0 00.0 04.5 29.6 16:34 E 06 16.0 24.1 13:11 06.9 06:44 02.3 00.0 00.0 05.0 24.1 15:36 SE 07 16.2 22.8 13:02 12.2 23:37 02.1 00.0 00.0 05.1 38.9 17:56 ESE 08 15.7 23.1 17:57 07.6 07:48 02.6 00.0 00.0 06.2 27.8 14:04 SE 09 15.4 23.8 16:49 05.6 05:39 02.9 00.0 00.0 04.5 25.9 15:51 SE 10 16.4 25.3 14:59 06.8 06:50 01.9 00.0 00.0 05.2 29.6 17:08 ESE 11 17.1 25.7 17:55 07.4 07:21 01.2 00.0 00.0 05.3 25.9 13:48 SE 12 19.0 27.9 14:56 09.8 07:11 00.0 00.7 00.0 06.7 31.4 17:24 ESE 13 19.3 26.9 14:21 11.3 05:50 00.0 01.0 00.0 04.6 24.1 14:32 SE 14 19.2 26.7 14:38 11.1 07:20 00.0 00.9 00.0 05.8 31.4 16:54 SE 15 19.7 27.2 16:18 10.6 07:31 00.0 01.4 00.0 05.4 33.3 17:17 SSE 16 18.8 25.3 12:13 12.6 06:25 00.0 00.5 00.0 07.9 38.9 15:32 ESE 17 18.3 21.9 13:44 15.3 05:20 00.0 00.0 00.2 09.9 46.3 22:38 SSE 18 15.7 20.8 13:46 09.3 06:34 02.6 00.0 00.4 10.0 42.5 13:57 W 19 13.4 19.0 14:21 07.4 05:54 04.9 00.0 01.0 05.9 33.3 15:58 SE 20 13.7 17.6 12:18 10.2 07:47 04.6 00.0 01.0 06.9 33.3 13:23 SSE 21 12.9 17.3 16:10 09.3 23:33 05.4 00.0 15.6 07.2 37.0 19:55 ESE 22 12.3 18.1 14:43 06.0 07:16 06.0 00.0 00.0 03.3 24.1 01:59 ESE 23 14.8 19.4 23:47 11.1 07:33 03.5 00.0 08.8 06.9 55.5 21:29 E 24 18.0 24.9 16:00 11.7 06:40 00.3 00.0 00.0 04.5 24.1 19:26 SSW 25 15.5 20.9 14:38 10.9 06:35 02.8 00.0 00.0 04.5 42.5 15:25 NW 26 14.1 20.5 15:41 07.1 06:30 04.2 00.0 00.0 06.3 31.4 13:00 SE ---------------------------------------------------------------------------------------------------------------------------------------------------------- 16.2 (16.2) 27.9 day 12 05.6 day 09 058.0 004.6 027.0 05.7 55.5 day 17 SE Min <= 30: 26 Max Rain: 15.6 ON 21-04-24 Days of Rain: 6 (> .2mm) 2 (> 2mm) 0 (> 20mm)