MONTHLY CLIMATOLOGICAL SUMMARY for SEP. 2021

NAME: Kavala WX   CITY: Kavala-Dexameni Area STATE: Kavala
ELEV: 90m LAT: 40  56 ' 25 '' N LONG: 24  24 ' 01 '' E

                            TEMPERATURE ( C), RAIN (mm), WIND SPEED (kmh)

                                               HEAT     COOL           AVG
      MEAN                                     DEG      DEG            WIND                       DOM
DAY   TEMP    HIGH   TIME     LOW    TIME      DAYS     DAYS    RAIN   SPEED    HIGH    TIME      DIR
----------------------------------------------------------------------------------------------------------------------------------------------------------
01    24.8    27.9   13:15    22.4   06:00     00.0     06.5    00.6   01.5     16.6    23:49     WSW
02    23.1    26.0   14:40    19.6   06:13     00.0     04.8    00.0   03.5     29.6    08:57     ESE
03    22.9    25.8   15:03    21.3   07:46     00.0     04.6    00.0   02.3     22.2    12:43     ESE
04    22.6    25.4   14:55    19.9   07:00     00.0     04.3    00.0   03.9     20.4    02:27      E 
05    23.0    26.4   16:06    19.9   07:20     00.0     04.7    00.0   03.2     22.2    21:55     ENE
06    23.5    27.6   16:47    20.3   06:44     00.0     05.2    00.0   06.6     48.1    20:25      NE
07    21.7    25.4   15:36    17.7   06:57     00.0     03.4    00.0   06.5     44.4    14:48      NE
08    20.4    23.3   14:57    17.5   04:25     00.0     02.1    00.2   08.3     44.4    10:45     NNE
09    20.8    23.7   17:05    17.3   08:10     00.0     02.5    00.4   03.1     25.9    09:00      N 
10    21.7    25.3   14:20    18.8   02:58     00.0     03.4    00.0   03.6     27.8    01:56      W 
11    21.9    25.0   15:40    19.5   06:24     00.0     03.6    00.0   01.7     20.4    16:45      SW
12    23.3    27.3   16:04    19.6   06:55     00.0     05.0    00.0   01.2     18.5    23:44     WSW
13    24.7    27.4   13:45    21.7   06:47     00.0     06.4    00.0   02.5     22.2    06:30     NNW
14    25.7    29.1   13:46    22.8   02:51     00.0     07.4    00.0   02.9     22.2    10:24      W 
15    24.1    27.5   14:23    21.6   06:35     00.0     05.8    00.8   01.9     20.4    21:37      NE
16    22.7    25.5   13:48    18.9   06:52     00.0     04.4    00.0   01.3     20.4    05:10     SSW
17    22.8    25.8   14:49    20.3   06:58     00.0     04.5    00.0   01.0     12.9    18:19      SW
18    23.0    30.7   15:18    20.2   16:32     00.0     04.7    02.8   02.9     40.7    15:40      NW
19    22.8    24.9   15:41    20.3   04:39     00.0     04.5    00.0   02.9     24.1    00:40     ENE
20    23.4    25.9   14:20    20.7   07:36     00.0     05.1    00.0   01.2     16.6    15:48      SE
21    22.7    25.4   15:27    21.1   22:53     00.0     04.4    00.0   04.6     24.1    13:05     ENE
22    16.8    21.2   00:01    13.4   23:32     01.5     00.0    13.2   03.2     29.6    00:57      NE
----------------------------------------------------------------------------------------------------------------------------------------------------------
22.7 (22.9)   30.7  day 18     13.4  day 22   001.5    097.3   018.0   03.2     48.1   day 08      NE
Max >=  30: 1
Min <=   30: 22
Max Rain: 13.2 ON 22-09-21
Days of Rain: 6 (> .2mm) 2 (> 2mm) 0 (> 20mm)