MONTHLY CLIMATOLOGICAL SUMMARY for APR. 2024 NAME: Kavala WX CITY: Kavala-Dexameni Area STATE: Kavala ELEV: 90m LAT: 40 ° 56 ' 25 '' N LONG: 24 ° 24 ' 01 '' E TEMPERATURE ( °C), RAIN (mm), WIND SPEED (kmh) HEAT COOL AVG MEAN DEG DEG WIND DOM DAY TEMP HIGH TIME LOW TIME DAYS DAYS RAIN SPEED HIGH TIME DIR ---------------------------------------------------------------------------------------------------------------------------------------------------------- 01 15.7 19.7 13:20 13.7 06:13 02.6 00.0 00.0 01.0 09.3 16:56 S 02 15.6 19.2 14:42 12.1 07:06 02.7 00.0 00.2 01.7 18.5 08:11 SE 03 17.6 20.7 12:39 14.8 00:48 00.7 00.0 00.0 03.7 27.8 03:03 NNW 04 16.8 19.6 13:39 14.4 04:15 01.5 00.0 00.0 01.8 14.8 17:46 S 05 17.8 20.2 12:13 14.8 06:06 00.5 00.0 00.0 02.0 16.6 12:18 S 06 17.9 20.6 17:22 15.3 06:57 00.4 00.0 00.0 01.1 09.3 14:37 SW 07 17.2 20.2 12:09 15.1 20:09 01.1 00.0 02.2 02.1 27.8 17:43 NNE 08 17.0 21.9 16:21 12.7 05:40 01.3 00.0 00.0 02.7 18.5 01:16 ENE 09 18.3 22.3 16:18 14.8 05:26 00.0 00.0 00.0 02.0 12.9 17:03 SW 10 18.1 20.6 17:57 15.3 07:10 00.2 00.0 00.0 01.7 12.9 14:45 SSW 11 19.9 23.8 17:30 15.8 07:48 00.0 01.6 00.0 02.0 16.6 15:57 SE 12 22.2 26.2 14:55 17.8 07:02 00.0 03.9 00.0 02.8 24.1 05:07 NW 13 20.5 23.6 15:29 17.9 06:01 00.0 02.2 00.0 01.9 18.5 00:11 ESE 14 19.8 22.8 14:51 17.0 06:45 00.0 01.5 00.0 01.5 14.8 10:40 SE 15 19.6 23.4 16:40 15.8 07:02 00.0 01.3 00.0 02.0 12.9 19:41 SSW 16 19.2 22.3 12:23 16.9 06:23 00.0 00.9 00.0 04.1 35.1 18:44 ENE 17 18.7 20.6 12:48 16.8 05:29 00.0 00.4 00.4 04.6 29.6 13:20 S 18 16.5 20.8 16:14 12.5 05:41 01.8 00.0 00.0 07.8 40.7 15:55 NW 19 14.9 18.0 17:10 12.1 05:43 03.4 00.0 06.2 04.9 42.5 22:03 ENE 20 14.4 17.7 14:51 12.2 02:36 03.9 00.0 00.8 07.4 40.7 01:09 S 21 13.0 16.4 14:45 10.9 23:06 05.3 00.0 22.6 06.2 29.6 14:08 NE 22 13.1 16.6 14:51 08.8 06:36 05.2 00.0 00.0 03.3 24.1 08:18 WNW 23 14.9 17.7 23:49 11.3 06:21 03.4 00.0 09.6 07.3 31.4 17:20 NE 24 18.2 22.1 12:25 15.8 06:53 00.1 00.0 00.0 03.0 24.1 12:10 WNW 25 16.6 19.5 14:56 13.8 07:11 01.7 00.0 00.0 03.9 35.1 16:49 N 26 16.0 19.5 14:43 12.8 07:02 02.3 00.0 00.0 05.4 33.3 02:58 NNE 27 17.2 20.7 12:11 13.6 06:36 01.1 00.0 00.0 01.7 20.4 21:04 SE ---------------------------------------------------------------------------------------------------------------------------------------------------------- 17.3 (17.4) 26.2 day 12 08.8 day 22 039.1 011.8 042.2 03.3 42.6 day 19 NE Min <= 30: 27 Max Rain: 22.6 ON 21-04-24 Days of Rain: 7 (> .2mm) 4 (> 2mm) 1 (> 20mm)