MONTHLY CLIMATOLOGICAL SUMMARY for APR. 2024 NAME: Vounochori WX CITY: Vounochori STATE: Prefecture of Kavala ELEV: 830m LAT: 041:04:09 LONG: -024:22:22 TEMPERATURE ( °C), RAIN (mm), WIND SPEED (kmh) HEAT COOL AVG MEAN DEG DEG WIND DOM DAY TEMP HIGH TIME LOW TIME DAYS DAYS RAIN SPEED HIGH TIME DIR ---------------------------------------------------------------------------------------------------------------------------------------------------------- 01 16.4 22.7 15:25 12.5 03:08 01.9 00.0 00.0 00.0 11.1 14:38 SE 02 16.1 21.1 16:42 12.7 07:46 02.2 00.0 00.0 01.5 25.9 17:05 SSW 03 12.8 18.1 14:40 09.6 21:15 05.5 00.0 00.0 02.5 25.9 15:48 NNW 04 13.3 19.4 15:27 08.9 03:27 05.0 00.0 00.0 00.9 20.4 16:18 SSW 05 13.9 20.1 15:45 10.2 07:21 04.4 00.0 00.0 00.6 20.4 14:21 NNW 06 15.0 20.6 16:09 10.6 06:45 03.3 00.0 00.0 00.5 20.4 14:29 ENE 07 14.2 18.2 11:43 11.0 00:00 04.1 00.0 00.6 02.4 25.9 22:21 NNE 08 13.1 18.7 15:23 08.9 07:02 05.2 00.0 00.0 02.4 24.1 13:58 NNE 09 13.6 19.7 15:14 09.0 03:49 04.7 00.0 00.0 00.9 24.1 15:08 E 10 15.6 21.3 15:29 10.8 07:10 02.7 00.0 00.0 00.7 22.2 15:28 N 11 16.2 21.3 15:08 12.0 06:42 02.1 00.0 00.0 02.7 22.2 15:05 N 12 17.3 23.1 16:42 12.3 05:13 01.0 00.0 00.0 03.0 25.9 10:09 N 13 16.8 22.5 14:05 12.7 05:42 01.5 00.0 00.0 00.7 25.9 14:22 SE 14 17.0 23.0 14:24 13.2 06:37 01.3 00.0 00.0 00.6 18.5 16:40 SSW 15 17.9 23.8 14:51 13.5 02:58 00.4 00.0 00.0 01.4 22.2 16:56 SSW 16 16.9 23.2 13:00 11.7 00:00 01.4 00.0 00.0 02.0 25.9 16:57 ESE 17 13.0 16.8 13:23 11.7 01:16 05.3 00.0 02.2 06.5 31.4 22:27 ESE 18 10.7 16.1 14:43 07.4 07:03 07.6 00.0 03.4 06.1 38.9 15:50 W 19 08.8 13.9 16:16 05.2 06:16 09.5 00.0 01.0 02.5 25.9 17:23 SE 20 08.4 14.1 14:35 05.6 04:47 09.9 00.0 03.0 06.2 27.8 01:59 NE 21 07.4 12.1 14:59 05.1 03:08 10.9 00.0 22.4 03.2 29.6 18:06 ESE 22 08.2 13.8 14:42 03.0 06:42 10.1 00.0 00.0 01.8 20.4 01:11 W 23 09.9 12.0 16:12 06.9 05:57 08.4 00.0 10.8 04.2 25.9 22:19 E 24 13.8 19.8 15:32 10.3 23:34 04.5 00.0 00.0 00.8 20.4 01:26 S 25 11.4 17.3 14:28 07.6 00:00 06.9 00.0 00.0 02.8 25.9 15:56 WSW 26 10.8 16.5 15:17 06.7 01:18 07.5 00.0 00.0 04.7 22.2 12:13 ESE 27 12.2 17.1 12:55 07.7 05:03 06.1 00.0 00.0 02.4 18.5 15:51 NE 28 14.1 19.7 14:35 10.0 06:34 04.2 00.0 00.0 07.3 25.9 13:04 N ---------------------------------------------------------------------------------------------------------------------------------------------------------- 13.4 (14.2) 23.8 day 15 03.0 day 22 137.5 000.0 043.6 02.6 38.9 day 20 ENE Min <= 30: 28 Max Rain: 22.4 ON 21-04-24 Days of Rain: 7 (> .2mm) 5 (> 2mm) 1 (> 20mm)