MONTHLY CLIMATOLOGICAL SUMMARY for MAR. 2023

NAME: Kavala WX #2   CITY: Kavala (Rapsani) STATE: Kavala
ELEV: 15m LAT: 040:56:06 LONG: -024:23:43

                            TEMPERATURE ( C), RAIN (mm), WIND SPEED (kmh)

                                               HEAT     COOL           AVG
      MEAN                                     DEG      DEG            WIND                       DOM
DAY   TEMP    HIGH   TIME     LOW    TIME      DAYS     DAYS    RAIN   SPEED    HIGH    TIME      DIR
----------------------------------------------------------------------------------------------------------------------------------------------------------
01    11.3    12.4   15:54    09.8   05:49     07.0     00.0    00.0   07.0     27.8    16:35     ESE
02    09.8    11.0   17:32    09.1   11:25     08.5     00.0    02.6   09.5     31.4    17:58      E 
03    09.2    10.9   16:37    07.8   07:57     09.1     00.0    02.2   04.2     18.5    13:19      E 
04    10.1    11.6   15:56    08.6   23:54     08.2     00.0    01.4   05.3     25.9    14:49     ENE
05    10.4    14.5   15:49    06.9   06:59     07.9     00.0    00.0   09.3     31.4    08:53     WNW
06    11.1    14.2   15:19    06.9   06:46     07.2     00.0    00.0   11.7     38.9    04:34     WNW
07    12.4    15.3   15:04    09.2   06:21     05.9     00.0    00.0   04.8     20.4    11:30     SSE
08    12.0    14.7   15:44    08.5   06:51     06.3     00.0    00.0   10.7     35.1    09:45     WNW
09    12.6    15.6   17:22    08.8   06:50     05.7     00.0    00.0   06.6     31.4    09:38     WNW
10    13.9    16.3   13:31    11.1   04:24     04.4     00.0    00.2   04.0     27.8    10:48      SE
11    15.5    19.9   15:21    12.7   04:56     02.8     00.0    00.2   06.8     42.5    04:54     WNW
12    12.2    15.2   01:38    10.7   13:15     06.1     00.0    00.0   11.7     42.5    12:56     ENE
13    10.6    13.4   16:59    07.8   07:53     07.7     00.0    00.0   07.4     33.3    00:33     ESE
14    09.8    12.2   13:26    06.3   06:18     08.5     00.0    00.0   05.3     22.2    10:51      SE
15    10.2    12.7   16:38    06.8   07:08     08.1     00.0    00.0   05.8     22.2    10:26      NE
16    10.6    14.4   12:34    07.9   23:59     07.7     00.0    00.2   15.8     40.7    08:10      NW
17    09.7    12.6   17:22    06.6   05:18     08.6     00.0    00.0   16.9     53.6    13:47     SSW
18    08.8    11.9   14:23    06.7   22:06     09.5     00.0    00.0   06.7     35.1    23:14      NW
19    09.9    14.1   14:11    04.7   02:02     08.4     00.0    00.0   16.1     50.0    01:57     WNW
20    11.6    14.2   12:54    08.1   06:14     06.7     00.0    00.0   05.0     18.5    13:51     SSE
21    12.7    15.3   13:54    10.1   04:54     05.6     00.0    00.0   04.4     35.1    04:38      S 
22    12.7    14.9   09:26    10.6   23:59     05.6     00.0    00.2   07.1     29.6    10:24      E 
23    12.2    14.2   15:02    09.1   06:39     06.1     00.0    00.0   06.1     25.9    05:58      SE
24    12.4    14.8   13:00    10.3   02:55     05.9     00.0    00.0   05.5     18.5    15:54      S 
25    13.5    15.9   14:03    10.8   06:29     04.8     00.0    00.0   05.2     31.4    02:41     WSW
26    14.9    18.1   14:08    11.4   07:11     03.4     00.0    00.0   04.4     27.8    09:52      S 
27    13.8    17.7   15:50    10.8   23:58     04.5     00.0    06.2   08.7     46.3    17:51     ENE
----------------------------------------------------------------------------------------------------------------------------------------------------------
11.6 (11.6)   19.9  day 11     04.7  day 19   180.2    000.0   013.2   07.8     53.7   day 17      NW
Min <=   30: 27
Max Rain: 6.2 ON 27-03-23
Days of Rain: 8 (> .2mm) 3 (> 2mm) 0 (> 20mm)