MONTHLY CLIMATOLOGICAL SUMMARY for SEP. 2023

NAME: Kavala WX #2   CITY: Kavala (Rapsani) STATE: Kavala
ELEV: 15m LAT: 040:56:06 LONG: -024:23:43

                            TEMPERATURE ( C), RAIN (mm), WIND SPEED (kmh)

                                               HEAT     COOL           AVG
      MEAN                                     DEG      DEG            WIND                       DOM
DAY   TEMP    HIGH   TIME     LOW    TIME      DAYS     DAYS    RAIN   SPEED    HIGH    TIME      DIR
----------------------------------------------------------------------------------------------------------------------------------------------------------
01    26.1    29.1   13:42    22.6   06:00     00.0     07.8    00.0   06.8     31.4    08:56     WSW
02    28.4    31.8   16:49    25.3   04:53     00.0     10.1    00.0   07.6     38.9    23:49      NW
03    27.4    30.2   17:08    24.4   07:19     00.0     09.1    00.0   07.7     29.6    22:19      SE
04    21.2    26.5   00:01    17.7   08:14     00.0     02.9    18.0   15.3     57.4    06:54      NW
05    25.5    27.2   11:32    24.2   00:27     00.0     07.2    00.0   15.9     68.5    12:51     ENE
06    26.0    28.2   16:56    24.1   07:16     00.0     07.7    00.0   09.4     46.3    17:52     ENE
07    26.4    29.3   16:36    22.5   07:13     00.0     08.1    00.0   09.7     46.3    13:08      E 
08    26.4    30.8   17:28    21.8   07:06     00.0     08.1    00.0   10.4     55.5    16:12      E 
09    24.2    27.2   16:53    21.2   07:22     00.0     05.9    00.0   05.2     24.1    13:23      SE
10    25.2    29.8   17:57    21.1   03:49     00.0     06.9    00.0   09.8     53.6    16:49      E 
11    22.9    26.8   16:04    19.8   08:25     00.0     04.6    00.0   07.3     31.4    12:38     ESE
12    22.2    24.4   11:21    17.9   05:53     00.0     03.9    00.0   08.7     20.4    10:58      SE
13    23.3    24.3   15:45    21.9   23:28     00.0     05.0    00.0   08.6     18.5    17:31     SSE
14    23.0    24.9   17:04    20.4   07:26     00.0     04.7    00.0   04.8     25.9    01:59      S 
15    24.2    26.1   12:53    21.9   05:31     00.0     05.9    00.0   04.7     25.9    22:20      SW
16    24.3    27.3   15:21    22.2   03:44     00.0     06.0    00.0   05.0     29.6    05:37      SW
17    24.7    28.4   18:31    21.3   06:48     00.0     06.4    00.0   05.5     29.6    23:07     ESE
18    23.7    26.3   17:35    20.4   07:25     00.0     05.4    00.0   08.2     33.3    12:06     ESE
19    22.0    24.9   15:07    18.2   06:37     00.0     03.7    00.0   05.9     24.1    16:56      S 
20    22.9    24.3   13:20    20.0   08:21     00.0     04.6    00.0   05.4     24.1    08:12      SE
21    23.1    24.8   17:44    21.1   06:22     00.0     04.8    00.0   05.5     20.4    09:45      SE
22    23.4    26.4   15:31    20.6   08:39     00.0     05.1    00.0   03.9     27.8    08:29      SE
23    23.9    25.7   11:33    22.2   06:13     00.0     05.6    00.0   03.8     18.5    07:47     SSE
24    25.6    28.8   14:10    22.1   06:40     00.0     07.3    00.0   04.7     38.9    23:41     ESE
25    25.9    29.6   17:25    22.3   09:14     00.0     07.6    00.0   12.0     44.4    16:04      E 
26    26.2    30.2   16:37    22.6   03:35     00.0     07.9    00.0   10.2     53.6    14:42     ENE
27    25.1    29.5   16:06    21.9   05:39     00.0     06.8    00.0   08.2     37.0    21:23     ENE
28    23.2    25.7   12:38    21.3   07:32     00.0     04.9    01.4   04.5     31.4    17:29      NE
----------------------------------------------------------------------------------------------------------------------------------------------------------
24.5 (24.5)   31.8  day 02     17.7  day 04   000.0    174.2   019.4   07.7     68.5   day 05      E 
Max >=  30: 4
Min <=   30: 28
Max Rain: 18.0 ON 4-09-23
Days of Rain: 2 (> .2mm) 1 (> 2mm) 0 (> 20mm)