MONTHLY CLIMATOLOGICAL SUMMARY for FEB. 2021

NAME: Palaiochori WX   CITY: Palaiochori STATE: Dimos Paggaiou
ELEV: 130 LAT: 040:57:02 LONG: -024:10:57

                            TEMPERATURE ( C), RAIN (mm), WIND SPEED (kmh)

                                               HEAT     COOL           AVG
      MEAN                                     DEG      DEG            WIND                       DOM
DAY   TEMP    HIGH   TIME     LOW    TIME      DAYS     DAYS    RAIN   SPEED    HIGH    TIME      DIR
----------------------------------------------------------------------------------------------------------------------------------------------------------
01    14.4    16.4   11:57    09.7   23:59     03.9     00.0    11.6   06.0     59.2    02:44      SE
02    11.2    16.6   15:14    08.1   05:17     07.1     00.0    00.0   02.0     18.5    14:51     SSE
03    10.6    15.8   14:01    05.8   07:45     07.7     00.0    00.0   01.7     12.9    18:21      SE
04    10.2    15.5   16:09    05.0   08:07     08.1     00.0    00.0   01.9     12.9    17:52      SE
05    10.8    17.1   15:37    06.2   07:48     07.5     00.0    00.0   01.7     11.1    19:25     SSE
06    09.5    14.7   15:26    05.4   07:46     08.8     00.0    00.0   01.5     07.4    21:51     SSE
07    10.7    14.3   15:28    08.6   02:22     07.6     00.0    00.0   01.4     11.1    15:18      N 
08    12.9    17.7   12:46    09.1   05:40     05.4     00.0    07.0   06.1     53.6    15:31     ESE
09    12.7    17.6   15:51    07.8   08:05     05.6     00.0    01.0   02.9     22.2    16:33      SE
10    11.4    16.0   15:54    07.6   08:01     06.9     00.0    00.0   02.3     12.9    01:25     SSE
11    11.4    16.2   12:49    07.8   08:01     06.9     00.0    06.8   04.9     42.5    16:31     ESE
12    07.8    13.3   00:12    00.2   23:57     10.5     00.0    00.0   04.9     42.5    03:47     WNW
13    00.0    02.0   12:50   -02.1   23:59     18.3     00.0    00.0   01.6     27.8    19:29     NNE
14   -02.1   -00.1   15:49   -04.1   07:08     20.4     00.0    00.0   02.7     20.4    08:42      W 
15    00.7    04.5   15:26   -02.6   05:50     17.6     00.0    04.8   03.8     24.1    17:37      W 
16    01.3    04.6   13:59   -01.8   23:59     17.0     00.0    00.6   04.3     31.4    07:17     WNW
17   -00.1    04.4   13:52   -05.3   07:14     18.4     00.0    00.0   02.3     11.1    14:07      SE
18    06.2    13.9   14:17    00.5   02:15     12.1     00.0    00.0   02.5     18.5    13:45      SE
19    06.8    11.3   14:17    01.6   08:09     11.5     00.0    00.0   03.6     27.8    11:06     ESE
20    07.8    11.0   14:53    05.3   07:12     10.5     00.0    00.6   01.6     18.5    22:04     NNE
21    07.7    11.8   13:23    04.8   06:41     10.6     00.0    00.0   01.8     14.8    16:19     ESE
22    07.5    13.0   16:15    03.1   06:20     10.8     00.0    00.0   02.1     11.1    18:56     SSE
23    09.6    16.7   16:30    02.8   07:19     08.7     00.0    00.0   02.1     12.9    20:12      SE
24    11.0    18.4   13:57    04.7   07:51     07.3     00.0    00.0   02.7     27.8    16:22     ESE
----------------------------------------------------------------------------------------------------------------------------------------------------------
07.9 (8.1)   18.4  day 24    -05.3  day 17   249.1    000.0   032.4   02.8     59.2   day 01     SSE
Max <=   0: 1
Min <=   30: 24
Min <=  -5: 1
Max Rain: 11.6 ON 1-02-21
Days of Rain: 7 (> .2mm) 4 (> 2mm) 0 (> 20mm)