MONTHLY CLIMATOLOGICAL SUMMARY for SEP. 2023

NAME: Palaiochori WX   CITY: Palaiochori STATE: Dimos Paggaiou
ELEV: 130 LAT: 040:57:02 LONG: -024:10:57

                            TEMPERATURE ( C), RAIN (mm), WIND SPEED (kmh)

                                               HEAT     COOL           AVG
      MEAN                                     DEG      DEG            WIND                       DOM
DAY   TEMP    HIGH   TIME     LOW    TIME      DAYS     DAYS    RAIN   SPEED    HIGH    TIME      DIR
----------------------------------------------------------------------------------------------------------------------------------------------------------
01    25.8    31.4   15:54    19.8   07:00     00.0     07.5    00.0   02.9     29.6    16:07     ESE
02    27.0    31.6   16:24    22.8   06:52     00.0     08.7    00.0   03.0     20.4    13:33     WSW
03    27.5    32.7   15:31    22.8   04:50     00.0     09.2    00.0   03.3     29.6    16:10      SE
04    20.1    25.8   01:24    17.2   07:33     00.0     01.8    15.8   01.5     25.9    06:18      SW
05    23.3    27.2   12:20    19.9   00:44     00.0     05.0    00.0   03.6     29.6    13:38     ESE
06    24.6    28.4   14:11    20.7   23:00     00.0     06.3    00.2   03.6     25.9    16:08     ESE
07    25.1    29.1   15:40    21.3   00:01     00.0     06.8    00.0   03.9     22.2    14:44      SE
08    25.6    30.2   17:42    21.2   07:29     00.0     07.3    00.0   03.3     27.8    16:09     ESE
09    24.5    30.2   15:57    19.7   07:29     00.0     06.2    00.0   03.2     25.9    19:50      SE
10    23.9    29.8   15:57    17.7   03:11     00.0     05.6    00.0   02.9     20.4    16:26      SE
11    23.2    27.9   15:53    18.3   06:28     00.0     04.9    00.0   03.5     27.8    16:17     ESE
12    22.2    29.3   15:44    14.5   07:19     00.0     03.9    00.0   01.6     18.5    16:06     ESE
13    23.0    30.3   17:01    16.2   07:24     00.0     04.7    00.0   01.5     16.6    15:39      E 
14    23.4    30.1   17:21    16.9   06:52     00.0     05.1    00.0   01.5     18.5    16:00     ENE
15    24.7    31.2   17:15    18.5   07:01     00.0     06.4    00.0   02.5     24.1    14:11     ESE
16    24.3    30.2   14:29    18.4   07:18     00.0     06.0    00.0   02.4     24.1    15:44     ESE
17    25.1    30.2   15:20    20.8   08:53     00.0     06.8    00.0   02.6     20.4    00:31     ESE
18    23.7    27.7   14:25    19.3   07:37     00.0     05.4    00.0   04.0     27.8    15:16     ESE
19    22.3    29.0   15:40    15.7   07:21     00.0     04.0    00.0   02.2     18.5    14:20     ESE
20    23.3    29.6   15:40    16.7   05:53     00.0     05.0    00.0   02.1     18.5    14:51     ESE
21    23.6    29.3   15:15    18.1   07:33     00.0     05.3    00.0   01.9     20.4    15:58      E 
22    24.4    31.4   17:33    18.3   06:38     00.0     06.1    00.0   01.7     14.8    15:51      E 
23    25.8    33.4   16:55    19.3   06:51     00.0     07.5    00.0   01.3     12.9    15:22      E 
24    26.6    32.6   14:48    20.2   07:18     00.0     08.3    00.0   04.8     31.4    23:56     ESE
25    26.1    29.3   17:18    21.9   08:17     00.0     07.8    00.0   04.1     38.9    10:13      SE
26    24.3    30.2   15:10    21.0   05:20     00.0     06.0    00.0   04.4     31.4    15:19      SE
27    24.1    28.5   17:09    19.6   07:30     00.0     05.8    00.0   03.9     22.2    22:34     ESE
28    22.8    27.2   12:30    19.1   07:28     00.0     04.5    00.0   02.6     18.5    16:48      SE
----------------------------------------------------------------------------------------------------------------------------------------------------------
24.3 (24.5)   33.4  day 23     14.5  day 12   000.0    167.9   016.0   02.8     38.9   day 24     ESE
Max >=  30: 14
Min <=   30: 28
Max Rain: 15.8 ON 4-09-23
Days of Rain: 2 (> .2mm) 1 (> 2mm) 0 (> 20mm)