MONTHLY CLIMATOLOGICAL SUMMARY for MAR. 2023

NAME: Palaiochori WX   CITY: Palaiochori STATE: Dimos Paggaiou
ELEV: 130 LAT: 040:57:02 LONG: -024:10:57

                            TEMPERATURE ( C), RAIN (mm), WIND SPEED (kmh)

                                               HEAT     COOL           AVG
      MEAN                                     DEG      DEG            WIND                       DOM
DAY   TEMP    HIGH   TIME     LOW    TIME      DAYS     DAYS    RAIN   SPEED    HIGH    TIME      DIR
----------------------------------------------------------------------------------------------------------------------------------------------------------
01    11.3    12.5   12:02    09.1   05:11     07.0     00.0    00.0   03.8     31.4    18:54      SE
02    09.8    11.6   14:04    08.8   06:41     08.5     00.0    00.4   04.0     25.9    08:19     ESE
03    08.3    10.7   16:54    06.3   07:35     10.0     00.0    12.0   01.0     18.5    00:03     ESE
04    08.5    10.3   17:15    06.5   01:56     09.8     00.0    04.2   01.9     24.1    15:20      SE
05    08.5    13.5   15:06    04.8   07:17     09.8     00.0    02.2   01.9     22.2    15:37      SE
06    09.3    15.0   15:38    03.5   07:24     09.0     00.0    00.0   02.1     14.8    14:58      SE
07    10.7    15.2   14:17    06.3   07:15     07.6     00.0    00.0   02.1     20.4    17:47     SSE
08    11.0    17.2   16:13    05.6   07:37     07.3     00.0    00.0   02.1     14.8    20:07      SE
09    11.9    18.6   16:37    05.7   06:45     06.4     00.0    00.0   01.7     16.6    14:48      SE
10    12.7    18.3   13:41    08.2   08:33     05.6     00.0    00.0   02.2     27.8    14:14     ESE
11    14.7    20.1   13:38    10.6   07:04     03.6     00.0    01.6   02.8     33.3    11:01     SSW
12    11.6    15.1   00:19    08.4   07:10     06.7     00.0    00.0   03.4     25.9    16:33     ESE
13    09.9    13.9   14:30    05.7   23:58     08.4     00.0    00.0   03.1     29.6    15:57      SE
14    08.4    14.7   13:44    03.1   06:52     09.9     00.0    00.0   01.9     16.6    14:28     ESE
15    08.2    12.0   14:02    02.7   07:01     10.1     00.0    00.0   01.4     14.8    13:53      S 
16    09.0    14.7   13:39    05.0   07:03     09.3     00.0    01.2   02.2     24.1    14:42     ENE
17    08.9    13.8   12:21    04.8   07:42     09.4     00.0    00.2   03.3     29.6    14:30      SE
18    06.9    11.2   15:48    03.2   23:06     11.4     00.0    00.0   01.3     31.4    16:17      S 
19    09.2    17.4   15:24    01.3   04:10     09.1     00.0    00.0   01.9     16.6    15:33     ESE
20    11.5    19.4   16:42    04.9   07:09     06.8     00.0    00.0   01.5     12.9    14:31     ESE
21    12.8    18.6   14:50    07.8   05:13     05.5     00.0    00.0   01.7     16.6    13:02      W 
22    12.5    16.9   12:25    09.1   23:59     05.8     00.0    00.0   02.7     25.9    13:26      E 
23    12.3    18.2   13:13    07.2   07:06     06.0     00.0    00.0   03.1     31.4    14:13      SE
24    12.7    19.1   13:30    07.3   06:08     05.6     00.0    00.0   01.8     16.6    15:12     ESE
25    14.0    21.3   15:53    07.4   06:19     04.3     00.0    00.0   01.7     16.6    14:27      E 
26    15.4    22.2   15:05    09.1   08:36     02.9     00.0    00.0   03.1     33.3    16:35      SE
27    13.2    20.7   15:23    09.4   22:05     05.1     00.0    07.6   04.7     44.4    17:53      SE
----------------------------------------------------------------------------------------------------------------------------------------------------------
10.8 (11.2)   22.2  day 26     01.3  day 19   201.2    000.0   029.4   02.4     44.4   day 27      SE
Min <=   30: 27
Max Rain: 12.0 ON 3-03-23
Days of Rain: 8 (> .2mm) 4 (> 2mm) 0 (> 20mm)