NOAA-Style Climate Reports
Select a Year or Month report
2024: Ιαν Φεβ Μάρ Απρ Μάϊ Ιού Ιού Αύγ Σεπ Οκτ Νοέ Δεκ
2023: Ιαν Φεβ Μάρ Απρ Μάϊ Ιού Ιού Αύγ Σεπ Οκτ Νοέ Δεκ
2022: Ιαν Φεβ Μάρ Απρ Μάϊ Ιού Ιού Αύγ Σεπ Οκτ Νοέ Δεκ
2021: Ιαν Φεβ Μάρ Απρ Μάϊ Ιού Ιού Αύγ Σεπ Οκτ Νοέ Δεκ
2020: Ιαν Φεβ Μάρ Απρ Μάϊ Ιού Ιού Αύγ Σεπ Οκτ Νοέ Δεκ
2024: Ιαν Φεβ Μάρ Απρ Μάϊ Ιού Ιού Αύγ Σεπ Οκτ Νοέ Δεκ
2023: Ιαν Φεβ Μάρ Απρ Μάϊ Ιού Ιού Αύγ Σεπ Οκτ Νοέ Δεκ
2022: Ιαν Φεβ Μάρ Απρ Μάϊ Ιού Ιού Αύγ Σεπ Οκτ Νοέ Δεκ
2021: Ιαν Φεβ Μάρ Απρ Μάϊ Ιού Ιού Αύγ Σεπ Οκτ Νοέ Δεκ
2020: Ιαν Φεβ Μάρ Απρ Μάϊ Ιού Ιού Αύγ Σεπ Οκτ Νοέ Δεκ
Αναφορά για 2023 Μάϊος
Daily noaa report MONTHLY CLIMATOLOGICAL SUMMARY for MAY. 2023 NAME: Zygos WX CITY: Zygos STATE: Kavala ELEV: 87m LAT: 040:59:11 LONG: -024:22:06 TEMPERATURE ( °C), RAIN (mm), WIND SPEED (kmh) HEAT COOL AVG MEAN DEG DEG WIND DOM DAY TEMP HIGH TIME LOW TIME DAYS DAYS RAIN SPEED HIGH TIME DIR ---------------------------------------------------------------------------------------------------------------------------------------------------------- 01 14.6 20.8 17:37 07.7 05:45 03.7 00.0 00.0 07.6 40.7 12:39 SSW 02 16.0 21.7 16:06 07.5 06:41 02.3 00.0 00.0 10.0 42.5 12:09 N 03 14.8 18.2 00:36 11.3 06:45 03.5 00.0 04.6 09.1 42.5 03:13 E 04 16.8 20.6 15:45 13.5 00:00 01.5 00.0 00.2 10.8 53.6 04:31 NE 05 16.6 21.4 18:50 12.2 07:03 01.7 00.0 00.0 02.9 18.5 23:37 S 06 17.0 23.4 13:16 08.8 06:49 01.3 00.0 00.0 04.0 18.5 14:06 S 07 18.6 22.6 13:36 12.7 06:32 00.0 00.3 00.0 06.8 29.6 14:50 S 08 17.6 23.2 15:08 11.9 06:09 00.7 00.0 01.2 05.3 44.4 01:08 SE 09 14.8 16.5 17:49 12.0 23:43 03.5 00.0 03.4 09.0 31.4 13:23 SE 10 13.4 17.4 16:14 10.4 06:40 04.9 00.0 02.4 08.3 42.5 17:40 SE 11 14.2 17.4 14:55 10.2 06:33 04.1 00.0 00.0 11.5 42.5 14:27 SE 12 14.4 18.2 18:03 11.4 06:31 03.9 00.0 00.0 05.3 24.1 00:26 SSE 13 15.3 20.3 16:09 10.0 06:39 03.0 00.0 00.0 05.8 27.8 15:33 SSE 14 15.0 19.2 15:18 12.1 00:47 03.3 00.0 01.2 03.2 18.5 17:48 E 15 17.3 25.3 17:06 11.0 06:16 01.0 00.0 00.0 05.2 33.3 18:26 E 16 19.0 25.1 10:56 12.8 05:11 00.0 00.7 01.2 07.5 40.7 14:24 E 17 17.5 21.9 13:08 14.2 04:38 00.8 00.0 06.8 06.2 53.6 14:05 ESE 18 15.4 20.4 13:56 10.6 06:40 02.9 00.0 00.2 05.8 42.5 13:07 SE 19 18.1 24.0 13:00 13.6 00:57 00.2 00.0 04.4 05.0 46.3 13:35 WNW 20 17.8 24.4 14:24 10.4 06:34 00.5 00.0 00.0 05.1 31.4 13:41 SE 21 18.3 23.7 14:04 14.7 03:02 00.0 00.0 00.0 05.2 31.4 16:17 ENE 22 19.1 24.9 12:45 13.1 05:25 00.0 00.8 00.0 07.2 40.7 12:09 ESE 23 18.4 23.6 11:30 13.8 06:23 00.0 00.1 00.6 05.0 31.4 13:24 SE 24 18.6 26.4 13:35 11.1 06:07 00.0 00.3 00.6 04.1 29.6 20:46 ESE 25 17.8 24.0 12:26 12.0 06:20 00.5 00.0 02.2 04.3 29.6 20:04 ENE 26 18.1 25.0 12:59 12.1 05:53 00.2 00.0 00.4 04.6 42.5 20:09 ENE 27 19.5 25.8 18:26 12.7 05:49 00.0 01.2 00.0 03.4 20.4 15:19 N 28 19.5 24.5 16:15 16.1 06:08 00.0 01.2 00.6 03.5 31.4 18:01 NW 29 17.7 25.0 14:45 14.1 02:44 00.6 00.0 11.0 03.2 29.6 17:33 ENE 30 18.4 24.2 13:35 13.7 05:07 00.0 00.1 00.0 04.4 42.5 19:43 ENE 31 19.2 26.0 14:32 15.4 02:13 00.0 00.9 00.0 02.9 29.6 14:36 ENE ---------------------------------------------------------------------------------------------------------------------------------------------------------- 17.1 (17.2) 26.4 day 24 07.5 day 02 044.0 005.5 041.0 05.9 53.7 day 17 ESE Min < 30: 31 Max Rain: 11.0 ON 29-05-23 Days of Rain: 16 (> .2mm) 7 (> 2mm) 0 (> 20mm)