NOAA-Style Climate Reports
Select a Year or Month report
2024: Ιαν Φεβ Μάρ Απρ Μάϊ Ιού Ιού Αύγ Σεπ Οκτ Νοέ Δεκ
2023: Ιαν Φεβ Μάρ Απρ Μάϊ Ιού Ιού Αύγ Σεπ Οκτ Νοέ Δεκ
2022: Ιαν Φεβ Μάρ Απρ Μάϊ Ιού Ιού Αύγ Σεπ Οκτ Νοέ Δεκ
2021: Ιαν Φεβ Μάρ Απρ Μάϊ Ιού Ιού Αύγ Σεπ Οκτ Νοέ Δεκ
2020: Ιαν Φεβ Μάρ Απρ Μάϊ Ιού Ιού Αύγ Σεπ Οκτ Νοέ Δεκ
2024: Ιαν Φεβ Μάρ Απρ Μάϊ Ιού Ιού Αύγ Σεπ Οκτ Νοέ Δεκ
2023: Ιαν Φεβ Μάρ Απρ Μάϊ Ιού Ιού Αύγ Σεπ Οκτ Νοέ Δεκ
2022: Ιαν Φεβ Μάρ Απρ Μάϊ Ιού Ιού Αύγ Σεπ Οκτ Νοέ Δεκ
2021: Ιαν Φεβ Μάρ Απρ Μάϊ Ιού Ιού Αύγ Σεπ Οκτ Νοέ Δεκ
2020: Ιαν Φεβ Μάρ Απρ Μάϊ Ιού Ιού Αύγ Σεπ Οκτ Νοέ Δεκ
Αναφορά για 2022 Απρίλιος
Daily noaa report MONTHLY CLIMATOLOGICAL SUMMARY for APR. 2022 NAME: CITY: STATE: ELEV: LAT: LONG: TEMPERATURE ( °C), RAIN (mm), WIND SPEED (kmh) HEAT COOL AVG MEAN DEG DEG WIND DOM DAY TEMP HIGH TIME LOW TIME DAYS DAYS RAIN SPEED HIGH TIME DIR ---------------------------------------------------------------------------------------------------------------------------------------------------------- 01 16.0 18.4 16:01 14.1 01:18 02.3 00.0 00.5 10.1 51.8 15:31 SSE 02 15.6 20.6 15:31 09.3 08:01 02.7 00.0 00.0 10.0 48.1 16:01 SSW 03 13.0 18.6 16:41 07.6 06:21 05.3 00.0 00.0 10.5 42.5 16:01 WNW 04 09.7 13.6 16:11 03.9 07:41 08.6 00.0 00.2 06.1 37.0 12:51 SE 05 09.4 14.8 18:11 07.1 06:31 08.9 00.0 03.5 04.1 20.4 17:31 WSW 06 11.0 19.4 16:31 02.6 07:21 07.3 00.0 00.0 05.5 25.9 17:01 SSE 07 13.2 18.9 17:11 06.8 02:31 05.1 00.0 00.0 05.0 20.4 11:21 E 08 16.9 24.4 15:31 09.1 07:41 01.4 00.0 00.0 07.8 31.4 14:01 NNW 09 15.4 23.0 15:01 07.1 07:11 02.9 00.0 00.0 05.2 31.4 16:41 ESE 10 12.9 19.3 16:31 08.6 00:00 05.4 00.0 03.6 08.5 53.6 17:31 SE 11 11.4 15.8 14:51 07.3 05:01 06.9 00.0 00.0 09.4 42.5 14:11 N 12 09.8 15.9 17:51 02.6 07:51 08.5 00.0 00.0 06.3 31.4 13:21 SSE 13 10.2 16.3 15:01 02.3 07:21 08.1 00.0 00.0 06.6 27.8 16:01 SE 14 11.8 19.2 16:51 03.6 07:41 06.5 00.0 00.0 06.3 29.6 15:11 SE 15 13.6 22.3 16:11 04.4 06:41 04.7 00.0 00.0 05.4 27.8 17:31 SE 16 14.7 22.7 17:01 06.7 07:21 03.6 00.0 00.0 04.8 22.2 13:21 ESE 17 11.9 15.7 00:11 08.1 00:00 06.4 00.0 08.7 03.3 24.1 22:11 SE 18 08.4 11.3 15:41 06.7 07:01 09.9 00.0 00.3 05.5 46.3 17:51 SE 19 08.2 11.9 15:21 05.5 05:11 10.1 00.0 00.0 07.9 37.0 19:51 SE 20 11.0 14.8 18:21 07.4 05:41 07.3 00.0 00.0 06.0 42.5 14:41 SSE 21 11.2 17.1 16:31 04.8 07:21 07.1 00.0 00.0 05.4 29.6 11:21 SSE 22 14.2 19.9 17:41 09.1 06:01 04.1 00.0 00.0 07.0 29.6 16:21 ESE 23 15.8 23.2 17:11 07.3 06:51 02.5 00.0 00.0 04.8 29.6 17:51 S 24 17.1 24.5 17:41 08.7 06:21 01.2 00.0 00.0 07.7 38.9 14:51 SE 25 17.5 25.7 16:01 08.7 07:01 00.8 00.0 00.0 04.6 22.2 18:21 S 26 18.3 24.9 16:41 10.1 06:51 00.0 00.0 00.0 09.0 40.7 14:11 ESE 27 18.8 24.8 15:21 11.1 07:01 00.0 00.5 00.0 08.5 38.9 15:01 ESE 28 19.4 25.3 14:11 10.1 06:51 00.0 01.1 00.0 09.0 37.0 19:31 SE 29 18.5 23.1 15:11 13.8 07:11 00.0 00.2 00.0 06.0 25.9 15:31 S 30 16.3 20.2 16:31 12.9 06:31 02.0 00.0 00.0 04.7 31.4 14:41 SSE ---------------------------------------------------------------------------------------------------------------------------------------------------------- 13.7 (13.6) 25.7 day 25 02.3 day 13 139.8 001.7 000.0 06.7 53.7 day 10 SE Min < 30: 30 Max Rain: 8.7 ON 17-04-23 Days of Rain: 6 (> .2mm) 3 (> 2mm) 0 (> 20mm)