NOAA-Style Climate Reports
Select a Year or Month report
2024: Ιαν Φεβ Μάρ Απρ Μάϊ Ιού Ιού Αύγ Σεπ Οκτ Νοέ Δεκ
2023: Ιαν Φεβ Μάρ Απρ Μάϊ Ιού Ιού Αύγ Σεπ Οκτ Νοέ Δεκ
2022: Ιαν Φεβ Μάρ Απρ Μάϊ Ιού Ιού Αύγ Σεπ Οκτ Νοέ Δεκ
2021: Ιαν Φεβ Μάρ Απρ Μάϊ Ιού Ιού Αύγ Σεπ Οκτ Νοέ Δεκ
2020: Ιαν Φεβ Μάρ Απρ Μάϊ Ιού Ιού Αύγ Σεπ Οκτ Νοέ Δεκ
2024: Ιαν Φεβ Μάρ Απρ Μάϊ Ιού Ιού Αύγ Σεπ Οκτ Νοέ Δεκ
2023: Ιαν Φεβ Μάρ Απρ Μάϊ Ιού Ιού Αύγ Σεπ Οκτ Νοέ Δεκ
2022: Ιαν Φεβ Μάρ Απρ Μάϊ Ιού Ιού Αύγ Σεπ Οκτ Νοέ Δεκ
2021: Ιαν Φεβ Μάρ Απρ Μάϊ Ιού Ιού Αύγ Σεπ Οκτ Νοέ Δεκ
2020: Ιαν Φεβ Μάρ Απρ Μάϊ Ιού Ιού Αύγ Σεπ Οκτ Νοέ Δεκ
Αναφορά για 2020 Δεκέμβριος
Daily noaa report MONTHLY CLIMATOLOGICAL SUMMARY for DEC. 2020 NAME: CITY: STATE: ELEV: LAT: LONG: TEMPERATURE ( °C), RAIN (mm), WIND SPEED (kmh) HEAT COOL AVG MEAN DEG DEG WIND DOM DAY TEMP HIGH TIME LOW TIME DAYS DAYS RAIN SPEED HIGH TIME DIR ---------------------------------------------------------------------------------------------------------------------------------------------------------- 01 05.0 06.7 15:01 03.2 08:51 13.3 00.0 00.5 02.9 12.9 08:11 SSW 02 05.4 07.0 20:01 04.1 07:41 12.9 00.0 00.0 02.2 18.5 08:41 NNW 03 06.7 11.3 15:51 05.1 04:41 11.6 00.0 00.0 03.2 18.5 16:21 ENE 04 09.8 14.5 23:21 03.9 07:41 08.5 00.0 00.1 09.3 42.5 19:01 ESE 05 13.4 16.4 16:01 10.4 19:31 04.9 00.0 07.7 09.6 40.7 02:31 ESE 06 13.3 15.3 13:41 11.1 19:11 05.0 00.0 00.0 13.5 38.9 22:31 E 07 11.5 12.9 00:01 09.3 00:00 06.8 00.0 13.7 18.2 51.8 10:21 ESE 08 07.9 14.5 16:21 03.8 07:51 10.4 00.0 00.1 03.1 14.8 08:11 SE 09 11.6 16.1 22:11 05.6 00:21 06.7 00.0 10.5 10.1 42.5 20:51 SE 10 12.8 16.4 02:11 10.3 22:41 05.5 00.0 21.4 06.5 55.5 02:51 SSE 11 09.6 12.3 16:31 06.0 08:41 08.7 00.0 00.6 03.4 22.2 01:21 W 12 09.5 14.0 16:01 06.5 23:51 08.8 00.0 15.6 04.3 22.2 00:51 S 13 09.2 12.9 14:01 06.3 01:31 09.1 00.0 00.8 02.0 07.4 11:51 E 14 09.8 10.7 14:31 08.7 00:00 08.5 00.0 06.1 04.5 12.9 23:41 S 15 09.1 13.8 15:41 05.2 00:00 09.2 00.0 00.1 04.2 18.5 09:51 S 16 08.6 10.6 14:41 05.1 00:11 09.7 00.0 00.0 02.0 11.1 20:51 WSW 17 09.4 13.3 15:31 07.7 20:51 08.9 00.0 00.0 02.5 14.8 18:51 SSE 18 08.8 12.4 15:21 04.6 23:31 09.5 00.0 00.0 03.2 16.6 20:11 NE 19 07.6 11.4 16:21 04.2 01:41 10.7 00.0 00.0 02.2 11.1 18:11 SSE 20 08.9 10.3 12:41 07.7 08:31 09.4 00.0 00.0 05.8 31.4 14:51 ESE 21 08.5 09.8 14:21 07.1 00:00 09.8 00.0 00.0 03.6 20.4 20:01 E 22 07.9 11.7 15:21 06.1 00:00 10.4 00.0 00.0 03.2 18.5 17:11 N 23 06.8 13.6 16:01 02.2 08:11 11.5 00.0 00.0 02.8 14.8 14:21 E 24 05.2 10.7 16:41 00.5 08:01 13.1 00.0 00.0 02.1 09.3 13:21 E 25 05.5 09.4 16:41 02.8 07:31 12.8 00.0 00.1 02.1 11.1 19:11 ENE 26 06.1 08.1 15:41 03.6 03:21 12.2 00.0 00.1 02.0 11.1 03:11 NW 27 13.7 17.6 12:41 05.9 00:11 04.6 00.0 01.0 13.6 68.5 19:11 SE 28 12.2 16.6 14:21 08.6 20:31 06.1 00.0 00.2 05.2 22.2 16:01 SE 29 13.8 17.3 14:21 09.7 00:31 04.5 00.0 00.0 08.7 37.0 15:11 SSE 30 14.4 17.7 15:31 11.7 00:51 03.9 00.0 00.0 07.2 31.4 17:11 SSE 31 13.1 16.8 15:31 06.4 23:11 05.2 00.0 00.2 09.0 38.9 14:01 SE ---------------------------------------------------------------------------------------------------------------------------------------------------------- 09.5 (9.6) 17.7 day 30 00.5 day 24 271.9 000.0 000.0 05.6 68.5 day 07 SE Min < 30: 31 Max Rain: 21.4 ON 10-12-23 Days of Rain: 12 (> .2mm) 6 (> 2mm) 1 (> 20mm)