NOAA-Style Climate Reports
Select a Year or Month report
2024: Ιαν Φεβ Μάρ Απρ Μάϊ Ιού Ιού Αύγ Σεπ Οκτ Νοέ Δεκ
2023: Ιαν Φεβ Μάρ Απρ Μάϊ Ιού Ιού Αύγ Σεπ Οκτ Νοέ Δεκ
2022: Ιαν Φεβ Μάρ Απρ Μάϊ Ιού Ιού Αύγ Σεπ Οκτ Νοέ Δεκ
2021: Ιαν Φεβ Μάρ Απρ Μάϊ Ιού Ιού Αύγ Σεπ Οκτ Νοέ Δεκ
2020: Ιαν Φεβ Μάρ Απρ Μάϊ Ιού Ιού Αύγ Σεπ Οκτ Νοέ Δεκ
2024: Ιαν Φεβ Μάρ Απρ Μάϊ Ιού Ιού Αύγ Σεπ Οκτ Νοέ Δεκ
2023: Ιαν Φεβ Μάρ Απρ Μάϊ Ιού Ιού Αύγ Σεπ Οκτ Νοέ Δεκ
2022: Ιαν Φεβ Μάρ Απρ Μάϊ Ιού Ιού Αύγ Σεπ Οκτ Νοέ Δεκ
2021: Ιαν Φεβ Μάρ Απρ Μάϊ Ιού Ιού Αύγ Σεπ Οκτ Νοέ Δεκ
2020: Ιαν Φεβ Μάρ Απρ Μάϊ Ιού Ιού Αύγ Σεπ Οκτ Νοέ Δεκ
Αναφορά για 2020 Οκτώβριος
Daily noaa report MONTHLY CLIMATOLOGICAL SUMMARY for OCT. 2020 NAME: CITY: STATE: ELEV: LAT: LONG: TEMPERATURE ( °C), RAIN (mm), WIND SPEED (kmh) HEAT COOL AVG MEAN DEG DEG WIND DOM DAY TEMP HIGH TIME LOW TIME DAYS DAYS RAIN SPEED HIGH TIME DIR ---------------------------------------------------------------------------------------------------------------------------------------------------------- 01 15.6 24.1 15:31 06.8 08:11 02.7 00.0 00.0 05.1 27.8 18:01 SE 02 17.5 25.1 13:41 08.9 08:01 00.8 00.0 00.0 04.5 24.1 15:01 ESE 03 19.0 26.3 15:11 11.6 07:51 00.0 00.7 00.0 04.4 22.2 16:21 SSE 04 20.6 29.5 15:31 13.6 07:11 00.0 02.3 00.0 03.9 25.9 14:31 SE 05 21.6 29.3 17:21 14.7 07:51 00.0 03.3 00.0 04.1 27.8 16:21 NE 06 22.5 31.8 15:11 15.2 08:11 00.0 04.2 00.0 04.0 24.1 14:21 ENE 07 21.3 28.6 15:41 14.8 07:41 00.0 03.0 00.0 04.7 31.4 16:31 ESE 08 19.9 24.0 13:51 15.9 00:00 00.0 01.6 01.0 06.2 33.3 17:51 NNW 09 16.2 21.4 18:31 12.8 07:31 02.1 00.0 00.4 03.5 18.5 14:51 SSW 10 16.4 24.0 16:11 09.4 08:11 01.9 00.0 00.0 04.5 24.1 14:01 SE 11 17.1 24.4 14:21 10.2 08:11 01.2 00.0 00.0 04.4 25.9 15:21 SE 12 18.3 24.1 13:51 12.0 08:11 00.0 00.0 00.0 06.1 31.4 23:31 ESE 13 20.2 24.3 17:31 13.8 00:00 00.0 01.9 08.1 12.1 68.5 07:11 SSE 14 16.4 23.5 16:41 09.4 06:31 01.9 00.0 00.0 05.0 22.2 18:11 ESE 15 16.3 24.4 14:41 09.0 08:01 02.0 00.0 00.0 04.9 27.8 15:31 SE 16 18.9 24.2 14:11 13.3 05:51 00.0 00.6 00.0 05.9 27.8 16:11 SE 17 19.6 25.1 15:51 11.4 23:21 00.0 01.3 00.0 05.3 25.9 15:41 N 18 14.5 23.2 15:01 07.3 06:11 03.8 00.0 00.0 04.3 18.5 17:21 E 19 14.5 20.8 15:11 07.5 08:11 03.8 00.0 00.0 05.2 22.2 16:11 ESE 20 13.0 21.0 15:21 05.6 08:21 05.3 00.0 00.0 04.9 24.1 17:21 ESE 21 13.2 22.4 15:51 06.0 07:01 05.1 00.0 00.0 04.2 22.2 15:31 ENE 22 13.5 23.1 17:11 05.6 08:31 04.8 00.0 00.0 03.5 18.5 15:01 E 23 14.4 26.7 16:21 06.0 07:21 03.9 00.0 00.0 03.1 11.1 20:31 NE 24 14.9 26.3 15:41 06.3 06:31 03.4 00.0 00.0 03.6 18.5 21:01 ENE 25 13.1 20.6 14:01 08.0 06:01 05.2 00.0 00.3 02.9 22.2 16:11 E 26 13.1 22.3 15:41 06.4 06:31 05.2 00.0 00.1 03.4 16.6 15:51 ESE 27 12.8 22.1 15:01 06.1 07:21 05.5 00.0 00.0 03.0 12.9 19:01 E 28 14.0 20.7 13:31 06.9 04:31 04.3 00.0 00.1 04.9 31.4 16:01 ESE 29 16.2 22.4 14:51 10.9 07:21 02.1 00.0 00.1 04.5 42.5 00:11 SE 30 13.8 22.6 15:11 07.9 23:41 04.5 00.0 00.0 04.4 31.4 17:21 WNW 31 12.0 20.9 14:41 03.6 05:31 06.3 00.0 00.0 04.0 14.8 16:11 ESE ---------------------------------------------------------------------------------------------------------------------------------------------------------- 16.5 (16.9) 31.8 day 06 03.6 day 31 075.9 018.9 000.0 04.7 68.5 day 13 ESE Max > 30: 1 Min < 30: 31 Max Rain: 8.1 ON 13-10-23 Days of Rain: 4 (> .2mm) 1 (> 2mm) 0 (> 20mm)