MONTHLY CLIMATOLOGICAL SUMMARY for SEP. 2023

NAME: Zygos WX   CITY: Zygos STATE: Kavala, GR
ELEV: 87m LAT: 040:59:17 LONG: -024:22:07

                            TEMPERATURE ( C), RAIN (mm), WIND SPEED (kmh)

                                               HEAT     COOL           AVG
      MEAN                                     DEG      DEG            WIND                       DOM
DAY   TEMP    HIGH   TIME     LOW    TIME      DAYS     DAYS    RAIN   SPEED    HIGH    TIME      DIR
----------------------------------------------------------------------------------------------------------------------------------------------------------
01    24.1    30.3   16:03    15.9   06:46     00.0     05.8    00.0   05.4     33.3    12:54      SE
02    25.5    31.7   14:45    20.6   05:17     00.0     07.2    00.0   04.0     20.4    14:46      NW
03    25.7    32.1   15:47    17.3   07:17     00.0     07.4    00.0   07.7     40.7    00:13      SE
04    19.7    25.4   00:16    16.9   08:46     00.0     01.4    29.0   05.4     27.8    16:00      SW
05    23.8    27.3   13:52    17.1   00:46     00.0     05.5    00.0   11.2     53.6    09:18     ENE
06    24.9    27.6   15:00    22.7   04:31     00.0     06.6    00.2   09.1     40.7    16:00     ENE
07    25.0    28.7   15:12    19.8   07:16     00.0     06.7    00.0   07.3     31.4    15:13     ENE
08    24.3    30.2   14:54    16.5   06:40     00.0     06.0    00.0   07.4     40.7    15:29     ENE
09    22.5    28.7   15:15    16.4   06:53     00.0     04.2    00.0   06.6     24.1    13:44     ESE
10    21.5    30.1   14:21    10.8   06:27     00.0     03.2    00.0   06.5     31.4    20:07      E 
11    21.5    27.4   16:37    15.2   23:42     00.0     03.2    00.0   08.0     31.4    12:52     ESE
12    15.9    28.7   16:25    10.2   06:50     02.4     00.0    00.0   04.3     22.2    17:43     ESE
13    21.1    29.9   16:29    12.4   05:49     00.0     02.8    00.0   04.3     27.8    13:46      SE
14    21.8    30.1   17:03    13.9   07:19     00.0     03.5    00.0   03.5     20.4    18:03     ESE
15    23.2    30.5   15:11    15.7   06:58     00.0     04.9    00.0   05.2     27.8    14:26     ESE
16    22.7    30.0   16:53    15.2   07:08     00.0     04.4    00.0   04.8     27.8    15:16     ESE
17    23.7    29.4   15:28    17.5   06:17     00.0     05.4    00.0   05.3     37.0    23:17     SSE
18    22.4    27.3   17:19    16.6   07:55     00.0     04.1    00.0   06.5     29.6    18:16     SSE
19    20.2    28.6   15:19    11.4   07:25     00.0     01.9    00.0   04.2     22.2    17:23      SE
20    21.4    29.4   15:44    14.3   08:00     00.0     03.1    00.0   03.9     27.8    12:19     SSE
21    22.0    28.8   15:39    14.9   07:24     00.0     03.7    00.0   04.0     25.9    16:09      SE
22    23.0    31.2   15:33    15.3   07:13     00.0     04.7    00.0   04.2     24.1    15:37      S 
23    23.7    33.7   15:36    15.5   07:29     00.0     05.4    00.0   03.0     20.4    15:50      S 
24    25.1    32.2   16:12    15.9   07:26     00.0     06.8    00.0   08.1     35.1    12:41     ESE
25    25.6    30.2   14:41    20.2   06:26     00.0     07.3    00.0   09.0     37.0    15:56      E 
26    23.0    29.9   14:56    14.7   06:58     00.0     04.7    00.0   08.1     40.7    13:54     ENE
27    22.9    29.2   16:18    15.9   05:38     00.0     04.6    00.0   08.7     40.7    21:03     ENE
28    21.6    26.7   14:01    14.7   07:51     00.0     03.3    00.0   03.7     22.2    13:22     ESE
29    22.2    30.3   15:24    16.8   07:56     00.0     03.9    00.0   04.6     31.4    16:44      SW
----------------------------------------------------------------------------------------------------------------------------------------------------------
22.8 (22.7)   33.7  day 23     10.2  day 12   002.4    131.7   029.2   06.0     53.7   day 05      E 
Max >=  30: 13
Min <=   30: 29
Max Rain: 29.0 ON 4-09-23
Days of Rain: 2 (> .2mm) 1 (> 2mm) 1 (> 20mm)