MONTHLY CLIMATOLOGICAL SUMMARY for APR. 2018

NAME: Kavala WX   CITY: Kavala-Dexameni Area STATE: Kavala
ELEV: 90m LAT: 40  56 ' 25 '' N LONG: 24  24 ' 01 '' E

                            TEMPERATURE ( C), RAIN (mm), WIND SPEED (kmh)

                                               HEAT     COOL           AVG
      MEAN                                     DEG      DEG            WIND                       DOM
DAY   TEMP    HIGH   TIME     LOW    TIME      DAYS     DAYS    RAIN   SPEED    HIGH    TIME      DIR
----------------------------------------------------------------------------------------------------------------------------------------------------------
01    15.6    21.6   16:57    12.1   23:37     02.7     00.0    00.0   04.5     35.1    16:50     NNE
02    14.1    18.1   16:36    11.1   06:49     04.2     00.0    00.0   05.3     35.1    08:22      NW
03    13.7    16.5   15:54    11.3   06:58     04.6     00.0    00.0   01.9     20.4    11:42      E 
04    13.5    16.7   16:23    10.3   06:47     04.8     00.0    00.0   00.8     11.1    14:28     SSW
05    14.0    16.8   16:38    11.0   05:41     04.3     00.0    00.0   00.5     09.3    14:57      SW
06    16.6    20.3   14:47    13.6   06:51     01.7     00.0    00.0   01.1     22.2    19:32     SSW
07    16.9    20.2   17:40    13.1   08:22     01.4     00.0    01.2   05.7     40.7    03:11     NNW
08    18.9    23.0   13:37    15.6   06:53     00.0     00.6    00.0   02.5     22.2    01:16      W 
09    16.3    19.9   15:59    12.5   07:01     02.0     00.0    00.0   01.3     14.8    05:07     SSW
10    16.4    19.2   17:32    13.4   06:02     01.9     00.0    00.0   01.0     12.9    14:12      SW
11    15.8    18.3   17:20    13.9   07:41     02.5     00.0    00.0   00.3     07.4    18:53     WNW
12    15.8    19.2   14:59    12.6   06:49     02.5     00.0    00.0   00.9     14.8    15:43      S 
13    17.1    20.9   13:56    13.7   07:33     01.2     00.0    00.0   01.0     12.9    13:35      S 
14    18.8    22.1   12:30    15.5   05:39     00.0     00.5    00.0   00.9     12.9    23:50     SSW
15    16.8    19.4   17:16    14.4   07:55     01.5     00.0    00.0   02.2     20.4    21:04     ENE
16    16.1    17.8   15:01    15.0   04:56     02.2     00.0    00.0   03.5     31.4    18:31      NE
17    17.2    19.6   16:34    15.1   05:23     01.1     00.0    00.4   02.1     33.3    02:13      NE
18    17.8    21.2   17:19    14.2   06:47     00.5     00.0    00.0   00.9     14.8    16:07     SSW
19    18.1    21.7   16:59    14.4   06:47     00.2     00.0    00.0   00.9     12.9    16:20      SE
----------------------------------------------------------------------------------------------------------------------------------------------------------
16.3 (16.5)   23.0  day 08     10.3  day 04   039.5    001.1   001.6   02.0     40.7   day 07     N
Min <=   30: 19
Max Rain: 1.2 ON 7-04-18
Days of Rain: 2 (> .2mm) 0 (> 2mm) 0 (> 20mm)