MONTHLY CLIMATOLOGICAL SUMMARY for OCT. 2019

NAME: Kavala WX   CITY: Kavala-Dexameni Area STATE: Kavala
ELEV: 90m LAT: 40  56 ' 25 '' N LONG: 24  24 ' 01 '' E

                            TEMPERATURE ( C), RAIN (mm), WIND SPEED (kmh)

                                               HEAT     COOL           AVG
      MEAN                                     DEG      DEG            WIND                       DOM
DAY   TEMP    HIGH   TIME     LOW    TIME      DAYS     DAYS    RAIN   SPEED    HIGH    TIME      DIR
----------------------------------------------------------------------------------------------------------------------------------------------------------
01    23.4    28.1   15:21    19.2   04:24     00.0     05.1    00.0   00.7     09.3    18:05      N 
02    23.1    25.8   12:14    20.3   06:40     00.0     04.8    00.0   01.8     20.4    00:53      E 
03    21.9    25.1   14:43    19.7   03:09     00.0     03.6    00.0   02.3     20.4    18:01     SSW
04    19.6    22.4   12:12    16.2   22:37     00.0     01.3    09.4   03.3     35.1    06:00      N 
05    17.5    20.8   15:17    14.4   01:11     00.8     00.0    00.0   03.7     33.3    00:44      N 
06    17.8    20.9   15:04    14.7   05:44     00.5     00.0    00.2   03.6     31.4    22:13     SSE
07    15.9    17.3   01:23    13.8   10:39     02.4     00.0    02.2   02.9     27.8    12:10      NE
08    14.8    16.3   15:11    13.3   08:38     03.5     00.0    02.8   03.1     25.9    05:03      N 
09    16.9    20.7   15:26    13.8   07:05     01.4     00.0    00.0   02.6     24.1    15:03      SW
10    18.7    21.9   15:49    14.7   05:55     00.0     00.4    00.0   03.0     37.0    09:10     WNW
11    20.5    23.7   15:45    18.4   06:29     00.0     02.2    00.0   01.4     18.5    23:58      NE
12    19.6    22.5   16:18    17.7   07:38     00.0     01.3    00.0   02.5     18.5    01:49     ENE
13    19.2    22.2   16:15    16.6   04:49     00.0     00.9    00.0   00.9     11.1    15:33      S 
14    19.5    23.1   15:06    16.6   07:10     00.0     01.2    00.0   00.7     11.1    12:24     SSW
----------------------------------------------------------------------------------------------------------------------------------------------------------
19.2 (19.3)   28.1  day 01     13.3  day 08   008.6    021.1   014.6   02.3     37.0   day 10     NNE
Min <=   30: 14
Max Rain: 9.4 ON 4-10-19
Days of Rain: 4 (> .2mm) 3 (> 2mm) 0 (> 20mm)