MONTHLY CLIMATOLOGICAL SUMMARY for AUG. 2019

NAME: Kavala WX   CITY: Kavala-Dexameni Area STATE: Kavala
ELEV: 90m LAT: 40  56 ' 25 '' N LONG: 24  24 ' 01 '' E

                            TEMPERATURE ( C), RAIN (mm), WIND SPEED (kmh)

                                               HEAT     COOL           AVG
      MEAN                                     DEG      DEG            WIND                       DOM
DAY   TEMP    HIGH   TIME     LOW    TIME      DAYS     DAYS    RAIN   SPEED    HIGH    TIME      DIR
----------------------------------------------------------------------------------------------------------------------------------------------------------
01    29.6    33.7   12:23    26.7   23:25     00.0     11.3    00.0   02.2     27.8    20:29      S 
02    27.2    29.6   12:40    24.9   06:34     00.0     08.9    00.0   01.3     14.8    11:21     SSW
03    27.2    30.5   15:02    22.2   22:13     00.0     08.9    16.6   03.1     33.3    20:30     SSW
04    25.8    29.1   13:53    21.7   21:55     00.0     07.5    03.0   05.0     37.0    06:17     NNE
05    25.2    28.2   15:55    21.8   01:08     00.0     06.9    00.0   02.6     18.5    11:52      S 
06    25.9    28.9   14:59    23.2   06:42     00.0     07.6    00.0   02.7     20.4    02:45      S 
07    26.1    28.6   16:56    23.3   06:30     00.0     07.8    00.0   01.6     20.4    00:24      S 
08    26.3    28.9   16:38    23.8   06:13     00.0     08.0    00.0   01.5     18.5    04:58     SSE
09    28.0    31.8   19:16    24.3   05:45     00.0     09.7    00.0   00.9     11.1    14:08     SSW
10    29.0    32.9   15:00    25.7   06:41     00.0     10.7    00.0   01.1     16.6    01:01     SSE
11    28.9    32.7   16:14    26.1   06:32     00.0     10.6    00.0   01.9     16.6    13:14     SSE
12    28.6    33.5   18:42    23.6   06:24     00.0     10.3    00.0   02.5     24.1    19:51     ENE
13    29.2    32.7   16:43    25.7   06:26     00.0     10.9    00.0   01.8     16.6    08:31     ESE
14    26.4    29.8   23:56    23.1   06:58     00.0     08.1    00.0   02.4     16.6    08:37      S 
15    28.0    31.3   12:34    24.4   07:58     00.0     09.7    00.2   03.4     31.4    08:14      SW
16    24.9    27.7   16:19    22.5   03:35     00.0     06.6    02.6   03.4     31.4    00:17      S 
17    23.9    27.2   14:18    20.1   17:05     00.0     05.6    19.0   01.5     16.6    15:36      SW
18    25.3    28.7   14:13    21.9   06:12     00.0     07.0    00.0   03.6     25.9    08:51      W 
19    25.2    28.2   16:34    22.5   07:09     00.0     06.9    00.0   02.7     24.1    03:23      E 
20    25.1    28.3   15:34    22.4   05:43     00.0     06.8    00.0   02.1     16.6    15:41      SE
21    27.3    30.2   12:30    23.3   07:16     00.0     09.0    00.0   03.1     27.8    09:11     WNW
22    30.3    34.1   14:13    26.3   05:06     00.0     12.0    00.0   04.0     25.9    06:22     NNW
23    29.8    34.1   14:51    26.4   03:42     00.0     11.5    00.0   02.5     25.9    22:32     ESE
----------------------------------------------------------------------------------------------------------------------------------------------------------
27.1 (27.1)   34.1  day 23     20.1  day 17   000.0    202.0   041.4   02.5     37.0   day 16      S 
Max >=  30: 11
Min <=   30: 23
Max Rain: 19.0 ON 17-08-19
Days of Rain: 5 (> .2mm) 4 (> 2mm) 0 (> 20mm)