MONTHLY CLIMATOLOGICAL SUMMARY for OCT. 2018

NAME: Kavala WX   CITY: Kavala-Dexameni Area STATE: Kavala
ELEV: 90m LAT: 40  56 ' 25 '' N LONG: 24  24 ' 01 '' E

                            TEMPERATURE ( C), RAIN (mm), WIND SPEED (kmh)

                                               HEAT     COOL           AVG
      MEAN                                     DEG      DEG            WIND                       DOM
DAY   TEMP    HIGH   TIME     LOW    TIME      DAYS     DAYS    RAIN   SPEED    HIGH    TIME      DIR
----------------------------------------------------------------------------------------------------------------------------------------------------------
01    16.2    18.1   17:28    14.0   07:17     02.1     00.0    19.8   03.5     33.3    07:27      N 
02    19.0    22.2   16:12    16.3   07:22     00.0     00.7    00.0   01.0     12.9    14:24     SSE
03    19.2    21.7   14:10    16.7   07:12     00.0     00.9    00.0   00.9     16.6    17:52     SSW
04    19.1    20.7   16:46    17.6   22:09     00.0     00.8    00.0   01.9     16.6    19:22      NE
05    18.5    21.4   16:26    15.4   03:57     00.0     00.2    00.0   02.6     18.5    13:58     ENE
06    17.3    20.3   16:26    14.3   06:34     01.0     00.0    00.0   02.6     24.1    01:11     ENE
07    17.0    20.4   13:52    13.8   07:06     01.3     00.0    00.0   01.5     16.6    01:39     SSW
08    17.9    21.6   15:15    14.7   04:12     00.4     00.0    00.0   01.2     14.8    14:34     SSW
09    19.0    23.1   15:00    15.9   05:25     00.0     00.7    00.0   02.2     18.5    22:11      S 
10    19.2    22.5   15:03    15.7   07:11     00.0     00.9    00.0   02.0     20.4    04:34     WSW
11    18.9    22.4   13:43    14.8   07:32     00.0     00.6    00.0   01.7     25.9    10:46     NNE
12    19.8    22.0   12:28    18.4   08:06     00.0     01.5    00.0   02.4     24.1    05:22      N 
13    19.2    21.6   13:36    17.2   07:50     00.0     00.9    00.0   01.4     18.5    17:36      NE
14    17.2    18.2   18:20    15.1   08:14     01.1     00.0    00.0   00.5     12.9    17:51      N 
15    18.1    21.7   15:34    14.3   07:52     00.2     00.0    00.0   01.7     22.2    15:09      SE
16    18.2    21.1   15:46    15.4   07:17     00.1     00.0    00.0   01.0     16.6    00:29     SSW
17    19.1    22.6   15:40    16.3   07:08     00.0     00.8    00.0   00.9     12.9    22:10      SW
----------------------------------------------------------------------------------------------------------------------------------------------------------
18.4 (18.5)   23.1  day 09     13.8  day 07   006.1    008.0   019.8   01.7     33.3   day 01      NE
Min <=   30: 17
Max Rain: 19.8 ON 1-10-18
Days of Rain: 1 (> .2mm) 1 (> 2mm) 0 (> 20mm)