MONTHLY CLIMATOLOGICAL SUMMARY for JUL. 2018

NAME: Kavala WX   CITY: Kavala-Dexameni Area STATE: Kavala
ELEV: 90m LAT: 40  56 ' 25 '' N LONG: 24  24 ' 01 '' E

                            TEMPERATURE ( C), RAIN (mm), WIND SPEED (kmh)

                                               HEAT     COOL           AVG
      MEAN                                     DEG      DEG            WIND                       DOM
DAY   TEMP    HIGH   TIME     LOW    TIME      DAYS     DAYS    RAIN   SPEED    HIGH    TIME      DIR
----------------------------------------------------------------------------------------------------------------------------------------------------------
01    24.5    27.8   15:12    21.4   04:40     00.0     06.2    00.0   02.6     20.4    18:24     SSW
02    25.0    27.5   14:00    22.7   06:38     00.0     06.7    00.0   01.4     14.8    13:05     ESE
03    26.3    29.3   18:42    23.1   05:01     00.0     08.0    00.0   01.0     12.9    15:54     SSE
04    27.9    30.4   13:58    25.1   05:18     00.0     09.6    00.0   01.0     12.9    14:25      S 
05    25.9    28.9   15:58    22.1   06:27     00.0     07.6    02.0   03.1     37.0    00:15      SW
06    26.9    29.1   14:14    24.4   06:26     00.0     08.6    00.0   02.5     14.8    14:50     ESE
07    24.5    28.3   15:15    20.4   18:09     00.0     06.2    05.6   02.3     25.9    19:18      N 
08    23.3    27.4   16:26    20.0   03:59     00.0     05.0    08.6   03.1     31.4    02:30      N 
09    23.5    27.2   14:53    20.8   05:58     00.0     05.2    00.0   04.7     40.7    20:31     WNW
10    23.4    26.7   13:44    19.7   03:34     00.0     05.1    00.0   04.7     35.1    00:36     WSW
11    25.3    28.6   12:49    22.1   05:36     00.0     07.0    00.0   02.1     18.5    11:02      SW
12    26.5    28.7   14:42    23.9   03:58     00.0     08.2    00.0   01.9     18.5    14:14     SSW
13    26.6    30.1   14:48    22.1   18:36     00.0     08.3    06.4   02.4     46.3    17:21     WSW
14    26.6    29.5   16:26    23.0   06:16     00.0     08.3    00.0   01.6     16.6    13:51     SSW
15    27.1    29.8   13:50    23.1   07:30     00.0     08.8    00.0   03.2     24.1    14:06     WSW
16    26.9    29.6   16:38    23.7   06:00     00.0     08.6    00.0   02.4     18.5    03:57     SSW
17    25.4    29.3   15:48    21.4   21:36     00.0     07.1    04.8   02.1     31.4    18:44     WSW
18    25.4    29.9   17:45    21.1   02:59     00.0     07.1    00.2   05.0     35.1    06:13     NNE
19    26.3    30.0   17:27    21.6   06:48     00.0     08.0    00.0   05.3     31.4    06:01     NNW
20    26.3    29.4   11:51    23.0   06:00     00.0     08.0    00.0   05.3     31.4    00:12     WNW
21    26.6    30.2   14:57    23.7   06:28     00.0     08.3    00.0   01.3     14.8    18:13      S 
----------------------------------------------------------------------------------------------------------------------------------------------------------
25.7 (25.6)   30.4  day 04     19.7  day 10   000.0    155.9   027.6   02.8     46.3   day 13      SW
Max >=  30: 4
Min <=   30: 21
Max Rain: 8.6 ON 8-07-18
Days of Rain: 6 (> .2mm) 4 (> 2mm) 0 (> 20mm)