MONTHLY CLIMATOLOGICAL SUMMARY for JAN. 2023

NAME: Kavala WX   CITY: Kavala-Dexameni Area STATE: Kavala
ELEV: 90m LAT: 40  56 ' 25 '' N LONG: 24  24 ' 01 '' E

                            TEMPERATURE ( C), RAIN (mm), WIND SPEED (kmh)

                                               HEAT     COOL           AVG
      MEAN                                     DEG      DEG            WIND                       DOM
DAY   TEMP    HIGH   TIME     LOW    TIME      DAYS     DAYS    RAIN   SPEED    HIGH    TIME      DIR
----------------------------------------------------------------------------------------------------------------------------------------------------------
01    10.6    14.0   13:04    07.8   07:45     07.7     00.0    00.0   00.9     16.6    13:31      E 
02    10.3    13.4   13:22    07.7   07:54     08.0     00.0    00.0   01.0     14.8    01:19      S 
03    09.9    13.1   14:49    07.3   07:27     08.4     00.0    00.0   01.5     14.8    12:04     WSW
04    09.8    12.8   14:34    07.4   00:16     08.5     00.0    00.0   00.7     09.3    23:18     SSW
05    11.3    13.8   14:24    09.4   05:29     07.0     00.0    00.0   01.6     14.8    12:07     WSW
06    10.7    14.0   13:48    07.9   07:42     07.6     00.0    00.0   01.6     14.8    04:39      E 
07    10.9    13.3   13:48    08.8   07:48     07.4     00.0    00.0   01.3     12.9    13:11     WSW
08    09.6    11.9   14:35    07.2   07:05     08.7     00.0    00.0   01.5     12.9    15:37     ENE
09    09.5    11.1   23:55    07.9   06:21     08.8     00.0    00.0   00.9     12.9    22:53      NW
10    11.7    13.4   09:04    10.1   21:50     06.6     00.0    18.8   04.4     22.2    08:03      NE
11    09.6    10.8   11:23    08.1   09:25     08.7     00.0    12.2   02.4     25.9    03:56     NNE
12    09.5    11.2   12:26    07.4   07:38     08.8     00.0    00.0   02.7     24.1    07:22     NNW
13    09.4    11.4   15:16    07.8   06:07     08.9     00.0    00.0   01.7     14.8    13:26     NNW
14    08.9    09.7   00:04    08.0   07:47     09.4     00.0    01.0   00.7     09.3    18:54      NE
15    08.8    10.7   14:11    07.7   06:06     09.5     00.0    00.8   02.4     16.6    18:27     NNE
16    09.0    10.9   23:17    07.7   00:37     09.3     00.0    00.0   00.5     07.4    23:17     NNW
17    13.4    16.6   13:34    09.8   00:18     04.9     00.0    00.0   04.2     33.3    23:04      SW
18    15.7    17.9   11:31    14.2   03:28     02.6     00.0    00.0   10.3     40.7    11:12     SSW
19    15.3    16.7   14:42    14.2   05:34     03.0     00.0    00.0   07.5     42.5    13:51     SSW
20    12.9    15.1   00:15    09.9   23:48     05.4     00.0    12.4   11.4     44.4    08:21     SSW
21    12.5    14.7   12:45    09.6   05:59     05.8     00.0    00.2   08.5     33.3    14:19      S 
22    12.7    14.9   15:22    10.8   08:19     05.6     00.0    07.6   05.3     27.8    18:27      NE
23    11.4    13.1   04:21    09.0   00:00     06.9     00.0    00.6   10.5     35.1    23:40     ENE
24    07.7    09.0   00:06    05.2   23:53     10.6     00.0    00.0   08.2     40.7    00:42     ENE
25    05.0    06.3   13:39    03.9   23:20     13.3     00.0    00.0   06.1     25.9    09:51      NE
26    06.2    08.4   22:07    04.2   01:17     12.1     00.0    22.2   07.0     42.5    10:28     NNE
27    06.8    08.1   13:27    05.2   23:59     11.5     00.0    14.8   04.7     31.4    10:16     NNW
----------------------------------------------------------------------------------------------------------------------------------------------------------
10.3 (10.4)   17.9  day 18     03.9  day 25   214.9    000.0   090.6   04.1     44.4   day 20      NE
Min <=   30: 27
Max Rain: 22.2 ON 26-01-23
Days of Rain: 10 (> .2mm) 6 (> 2mm) 1 (> 20mm)