MONTHLY CLIMATOLOGICAL SUMMARY for JAN. 2018

NAME: Kavala WX   CITY: Kavala-Dexameni Area STATE: Kavala
ELEV: 90m LAT: 40  56 ' 25 '' N LONG: 24  24 ' 01 '' E

                            TEMPERATURE ( C), RAIN (mm), WIND SPEED (kmh)

                                               HEAT     COOL           AVG
      MEAN                                     DEG      DEG            WIND                       DOM
DAY   TEMP    HIGH   TIME     LOW    TIME      DAYS     DAYS    RAIN   SPEED    HIGH    TIME      DIR
----------------------------------------------------------------------------------------------------------------------------------------------------------
01    08.4    12.0   15:23    05.3   00:14     09.9     00.0    00.0   00.7     12.9    12:50      SW
02    10.8    14.1   15:36    07.1   08:28     07.5     00.0    00.0   01.9     35.1    08:33      NW
03    10.3    13.2   12:36    08.2   23:25     08.0     00.0    00.0   02.9     38.9    11:07      N 
04    08.2    09.6   15:02    06.2   09:59     10.1     00.0    00.0   01.6     24.1    09:57      N 
05    08.6    11.3   14:12    06.3   06:48     09.7     00.0    00.0   02.4     25.9    05:19      NW
06    09.2    11.9   15:32    06.1   06:22     09.1     00.0    00.0   00.4     09.3    11:25      E 
07    09.9    13.4   15:07    07.1   07:36     08.4     00.0    00.0   00.9     20.4    15:53     WSW
08    10.3    13.6   13:40    07.7   06:40     08.0     00.0    00.0   01.0     18.5    19:23     NNE
09    09.6    11.3   14:51    07.4   07:13     08.7     00.0    00.0   01.0     16.6    19:36      SE
10    09.4    10.3   13:28    08.3   06:31     08.9     00.0    00.0   02.7     20.4    13:04      NE
11    09.9    12.6   13:37    08.1   04:24     08.4     00.0    00.0   02.6     27.8    04:34     NNE
12    09.6    11.8   13:31    07.8   07:58     08.7     00.0    00.0   01.3     20.4    19:56     ENE
13    07.9    08.9   01:49    06.6   00:00     10.4     00.0    00.0   04.9     40.7    18:01      NE
14    04.7    07.0   12:44    02.7   19:34     13.6     00.0    00.0   03.6     27.8    16:08     ENE
15    03.9    04.9   12:38    03.1   00:22     14.4     00.0    04.2   02.3     18.5    04:01      NE
16    06.9    09.3   16:13    04.0   07:03     11.4     00.0    00.2   02.1     31.4    15:15      W 
17    09.2    12.4   21:59    04.7   06:59     09.1     00.0    01.2   01.0     18.5    23:03      SW
18    07.7    11.4   00:17    05.3   23:45     10.6     00.0    00.0   05.7     38.9    05:37      NW
19    07.8    11.9   14:50    03.1   05:43     10.5     00.0    00.0   03.5     33.3    11:20     NNW
----------------------------------------------------------------------------------------------------------------------------------------------------------
08.5 (8.6)   14.1  day 02     02.7  day 14   185.5    000.0   005.6   02.2     40.7   day 13     NNE
Min <=   30: 19
Max Rain: 4.2 ON 15-01-18
Days of Rain: 3 (> .2mm) 1 (> 2mm) 0 (> 20mm)