MONTHLY CLIMATOLOGICAL SUMMARY for DEC. 2018

NAME: Vounochori WX   CITY: Vounochori STATE: Prefecture of Kavala
ELEV: 830m LAT: 041:04:09 LONG: -024:22:22

                            TEMPERATURE ( C), RAIN (mm), WIND SPEED (kmh)

                                               HEAT     COOL           AVG
      MEAN                                     DEG      DEG            WIND                       DOM
DAY   TEMP    HIGH   TIME     LOW    TIME      DAYS     DAYS    RAIN   SPEED    HIGH    TIME      DIR
----------------------------------------------------------------------------------------------------------------------------------------------------------
01    00.0    02.7   12:14   -02.6   00:12     18.3     00.0    00.0   00.7     16.6    13:46      W 
02    02.2    06.1   12:38    00.4   00:40     16.1     00.0    00.0   00.4     11.1    09:39      N 
03    02.9    06.7   14:18    00.1   01:02     15.4     00.0    00.0   00.5     14.8    13:55      NE
04    03.8    07.6   14:00    00.6   01:39     14.5     00.0    00.0   00.5     11.1    12:23     NNE
05    06.4    10.0   13:38    04.3   00:00     11.9     00.0    00.0   03.4     20.4    08:45     NNW
06    01.8    04.4   12:51   -00.7   21:49     16.5     00.0    00.0   02.3     24.1    05:15      NW
07    00.3    03.1   14:42   -01.2   08:02     18.0     00.0    00.2   01.3     20.4    12:19     WSW
08    02.0    05.3   13:11   -00.7   02:09     16.3     00.0    00.0   01.0     18.5    10:52      SW
09    04.0    06.7   13:01    02.2   00:57     14.3     00.0    00.8   01.1     18.5    14:56     WNW
10    02.9    05.4   10:24    01.4   22:31     15.4     00.0    03.6   03.2     35.1    15:55     NNW
11    01.2    04.8   13:48   -00.7   20:10     17.1     00.0    00.0   05.1     25.9    04:58      N 
12   -00.5    02.1   13:51   -02.9   07:56     18.8     00.0    00.0   01.6     20.4    05:54      NW
13    00.3    03.3   13:26   -01.6   03:48     18.0     00.0    00.0   00.2     11.1    13:51      SW
----------------------------------------------------------------------------------------------------------------------------------------------------------
02.1 (2.6)   10.0  day 05    -02.9  day 12   210.4    000.0   004.6   01.6     35.2   day 10     NNW
Min <=   30: 13
Max Rain: 3.6 ON 10-12-18
Days of Rain: 3 (> .2mm) 1 (> 2mm) 0 (> 20mm)