MONTHLY CLIMATOLOGICAL SUMMARY for JUN. 2018

NAME: Vounochori WX   CITY: Vounochori STATE: Prefecture of Kavala
ELEV: 830m LAT: 041:04:09 LONG: -024:22:22

                            TEMPERATURE ( C), RAIN (mm), WIND SPEED (kmh)

                                               HEAT     COOL           AVG
      MEAN                                     DEG      DEG            WIND                       DOM
DAY   TEMP    HIGH   TIME     LOW    TIME      DAYS     DAYS    RAIN   SPEED    HIGH    TIME      DIR
----------------------------------------------------------------------------------------------------------------------------------------------------------
01    20.6    25.6   13:52    16.6   06:23     00.0     02.3    00.0   01.1     20.4    15:03     NNW
02    20.9    26.3   14:07    16.8   22:14     00.0     02.6    00.0   01.6     22.2    15:30      SE
03    19.3    25.8   15:41    14.9   03:12     00.0     01.0    00.2   01.0     16.6    13:40      S 
04    20.5    26.9   16:29    16.4   21:24     00.0     02.2    03.4   02.3     27.8    13:59     ESE
05    20.2    26.3   13:46    15.6   05:04     00.0     01.9    00.0   01.4     22.2    14:16     WSW
06    21.2    27.1   13:35    17.0   04:14     00.0     02.9    00.0   02.4     25.9    13:26      E 
07    20.4    27.7   14:35    16.6   02:49     00.0     02.1    00.2   01.7     22.2    13:32     ENE
08    20.9    26.8   15:27    15.7   05:44     00.0     02.6    00.0   01.3     24.1    13:42     ESE
09    22.1    28.7   14:11    17.7   06:07     00.0     03.8    00.0   02.6     25.9    13:31     ESE
10    20.4    24.6   16:12    17.4   02:43     00.0     02.1    00.0   00.9     22.2    10:29     NNE
11    21.5    27.3   15:22    16.6   06:15     00.0     03.2    00.0   03.1     33.3    01:39     ENE
12    21.8    27.9   16:18    17.0   05:09     00.0     03.5    00.0   01.5     20.4    16:22      SE
13    22.7    28.9   14:37    17.6   06:21     00.0     04.4    00.0   02.0     24.1    15:15      SE
14    21.0    27.4   15:36    17.2   04:12     00.0     02.7    00.0   02.1     24.1    16:20     ESE
15    18.7    25.1   15:15    13.0   18:58     00.0     00.4    25.6   03.2     35.1    15:05      E 
16    16.5    20.6   13:36    14.4   04:51     01.8     00.0    14.0   01.4     18.5    08:05      NE
17    17.3    22.5   14:37    13.9   04:14     01.0     00.0    02.2   01.9     22.2    15:02     NNW
18    17.7    23.1   11:17    15.3   12:40     00.6     00.0    12.0   01.0     20.4    21:37      N 
19    19.9    24.4   16:15    16.7   04:01     00.0     01.6    00.0   01.8     24.1    23:26     NNE
20    21.7    26.6   16:09    17.4   04:49     00.0     03.4    00.8   03.2     27.8    12:39      N 
21    21.2    27.1   13:28    17.9   23:07     00.0     02.9    00.0   02.4     25.9    15:37     ENE
----------------------------------------------------------------------------------------------------------------------------------------------------------
20.3 (21.2)   28.9  day 13     13.0  day 15   003.5    045.5   058.4   01.9     35.2   day 15      E 
Min <=   30: 21
Max Rain: 25.6 ON 15-06-18
Days of Rain: 8 (> .2mm) 5 (> 2mm) 1 (> 20mm)