MONTHLY CLIMATOLOGICAL SUMMARY for JAN. 2018

NAME: Vounochori WX   CITY: Vounochori STATE: Prefecture of Kavala
ELEV: 830m LAT: 041:04:09 LONG: -024:22:22

                            TEMPERATURE ( C), RAIN (mm), WIND SPEED (kmh)

                                               HEAT     COOL           AVG
      MEAN                                     DEG      DEG            WIND                       DOM
DAY   TEMP    HIGH   TIME     LOW    TIME      DAYS     DAYS    RAIN   SPEED    HIGH    TIME      DIR
----------------------------------------------------------------------------------------------------------------------------------------------------------
01    06.4    10.9   13:19    03.3   22:02     11.9     00.0    00.0   01.6     18.5    11:33     WSW
02    06.1    08.3   13:55    02.8   08:44     12.2     00.0    00.0   03.4     24.1    14:53      SW
03    04.8    07.2   14:18    01.9   23:17     13.5     00.0    00.0   03.1     22.2    07:58     NNW
04    02.6    04.6   15:01    01.3   02:20     15.7     00.0    00.0   02.1     25.9    09:52      N 
05    03.6    06.4   15:04    00.9   07:25     14.7     00.0    00.0   01.6     20.4    13:22     WNW
06    05.5    08.7   14:03    03.4   22:51     12.8     00.0    00.0   01.3     12.9    14:04     SSW
07    05.4    08.3   12:58    03.8   07:58     12.9     00.0    00.0   02.2     14.8    13:30      W 
08    05.5    08.3   12:41    03.8   07:46     12.8     00.0    00.4   01.3     16.6    03:55      SW
09    05.5    08.6   14:17    04.0   05:39     12.8     00.0    00.0   01.5     20.4    17:51     ESE
10    04.1    06.4   13:49    03.3   23:37     14.2     00.0    00.0   00.8     16.6    11:52     ENE
11    04.3    06.8   14:04    02.3   07:18     14.0     00.0    00.0   01.1     14.8    14:41      N 
12    04.4    07.4   14:11    02.8   22:46     13.9     00.0    00.4   01.7     16.6    00:00     NNW
13    01.8    03.1   00:21   -00.4   00:00     16.5     00.0    00.0   09.3     40.7    18:08     NNE
14   -01.5    00.5   11:07   -03.5   22:06     19.8     00.0    00.0   05.6     29.6    05:01     NNE
15   -01.8    00.4   00:00   -03.7   06:59     20.1     00.0    00.2   02.2     16.6    03:02      NE
16    03.2    05.9   14:41    00.4   00:06     15.1     00.0    02.6   03.5     22.2    08:16      W 
17    05.7    08.7   13:30    03.4   03:45     12.6     00.0    01.6   05.1     50.0    23:13     SSW
----------------------------------------------------------------------------------------------------------------------------------------------------------
03.9 (4.1)   10.9  day 01    -03.7  day 15   245.6    000.0   005.2   02.8     50.0   day 17     NNW
Min <=   30: 17
Max Rain: 2.6 ON 16-01-18
Days of Rain: 5 (> .2mm) 1 (> 2mm) 0 (> 20mm)