MONTHLY CLIMATOLOGICAL SUMMARY for SEP. 2018

NAME: Vounochori WX   CITY: Vounochori STATE: Prefecture of Kavala
ELEV: 830m LAT: 041:04:09 LONG: -024:22:22

                            TEMPERATURE ( C), RAIN (mm), WIND SPEED (kmh)

                                               HEAT     COOL           AVG
      MEAN                                     DEG      DEG            WIND                       DOM
DAY   TEMP    HIGH   TIME     LOW    TIME      DAYS     DAYS    RAIN   SPEED    HIGH    TIME      DIR
----------------------------------------------------------------------------------------------------------------------------------------------------------
01    23.4    28.9   16:29    18.7   03:55     00.0     05.1    00.0   00.9     18.5    11:13     ENE
02    24.2    29.7   15:50    20.6   02:44     00.0     05.9    00.0   02.4     24.1    16:23      NE
03    23.0    28.6   14:55    19.3   06:04     00.0     04.7    00.0   01.1     24.1    15:59      E 
04    21.1    26.3   13:31    17.2   06:21     00.0     02.8    00.0   00.4     16.6    16:00      SE
05    19.0    24.2   13:03    16.2   18:33     00.0     00.7    00.8   03.1     35.1    15:53      NE
06    18.6    24.2   15:53    15.3   06:59     00.0     00.3    00.0   01.2     20.4    14:12     WNW
07    19.5    26.1   14:46    15.6   03:36     00.0     01.2    00.0   00.7     22.2    16:15     SSW
08    19.7    24.9   12:51    16.8   06:52     00.0     01.4    00.0   01.3     24.1    15:06      NE
09    19.8    25.4   14:17    16.4   06:34     00.0     01.5    00.0   03.4     25.9    05:29     NNW
10    18.9    24.1   15:44    15.6   08:01     00.0     00.6    00.0   02.3     24.1    09:32     NNE
11    18.4    24.3   14:26    15.4   06:34     00.0     00.1    00.0   02.0     24.1    03:47      NE
12    17.2    24.2   13:53    13.8   18:39     01.1     00.0    03.8   04.0     25.9    21:55      N 
13    16.8    23.1   16:34    14.0   06:49     01.5     00.0    19.0   01.9     20.4    10:59     NNE
14    17.4    23.1   15:08    13.8   03:28     00.9     00.0    00.0   01.3     22.2    15:08      E 
15    19.2    25.0   13:49    15.4   06:13     00.0     00.9    00.0   00.7     25.9    15:18      SE
16    20.5    25.6   15:03    17.4   07:47     00.0     02.2    00.0   02.8     25.9    04:51     NNE
17    18.1    23.2   14:27    15.3   07:05     00.2     00.0    00.0   00.9     20.4    13:39     ESE
18    17.2    22.4   15:22    13.7   07:01     01.1     00.0    00.0   01.6     18.5    15:10     ESE
19    16.2    21.4   15:33    12.3   07:12     02.1     00.0    00.0   01.8     22.2    14:16     ESE
20    17.6    23.2   14:55    13.7   04:27     00.7     00.0    00.0   02.7     20.4    14:56      NE
21    18.4    24.3   15:07    13.9   06:32     00.0     00.1    00.0   02.1     20.4    14:26      SE
----------------------------------------------------------------------------------------------------------------------------------------------------------
19.3 (20.3)   29.7  day 02     12.3  day 19   007.5    027.5   023.6   01.8     35.2   day 05     ENE
Min <=   30: 21
Max Rain: 19.0 ON 13-09-18
Days of Rain: 3 (> .2mm) 2 (> 2mm) 0 (> 20mm)