MONTHLY CLIMATOLOGICAL SUMMARY for JAN. 2023

NAME: Kavala WX #2   CITY: Kavala (Rapsani) STATE: Kavala
ELEV: 15m LAT: 040:56:06 LONG: -024:23:43

                            TEMPERATURE ( C), RAIN (mm), WIND SPEED (kmh)

                                               HEAT     COOL           AVG
      MEAN                                     DEG      DEG            WIND                       DOM
DAY   TEMP    HIGH   TIME     LOW    TIME      DAYS     DAYS    RAIN   SPEED    HIGH    TIME      DIR
----------------------------------------------------------------------------------------------------------------------------------------------------------
01    11.0    15.2   16:12    08.3   06:07     07.3     00.0    00.0   10.2     40.7    04:13      NW
02    10.6    14.9   16:14    07.9   04:45     07.7     00.0    00.0   08.1     31.4    07:51     WNW
03    09.9    14.7   15:37    06.3   08:06     08.4     00.0    00.0   07.8     27.8    23:48     WNW
04    10.2    13.9   15:43    07.3   06:20     08.1     00.0    00.0   04.4     24.1    00:11      NW
05    11.5    15.1   15:48    09.3   04:05     06.8     00.0    00.0   09.0     31.4    10:18     WNW
06    10.9    15.5   16:18    07.4   05:02     07.4     00.0    00.0   09.3     42.5    10:18     WNW
07    10.2    14.6   14:03    07.8   06:28     08.1     00.0    00.0   10.2     37.0    07:49     WNW
08    09.4    13.1   15:35    05.9   06:23     08.9     00.0    00.0   09.6     29.6    09:42      NW
09    09.7    11.8   16:07    06.8   06:37     08.6     00.0    00.0   05.9     25.9    02:24      NW
10    12.6    14.9   08:40    10.2   21:24     05.7     00.0    15.8   09.0     42.5    08:52     ENE
11    09.8    10.9   20:30    07.4   09:02     08.5     00.0    05.8   11.5     38.9    09:00      NW
12    09.3    11.6   18:01    06.6   08:13     09.0     00.0    00.0   15.2     44.4    07:15      NW
13    09.7    13.0   15:24    07.4   06:48     08.6     00.0    00.0   10.2     31.4    11:37     WNW
14    09.6    10.6   10:39    08.3   08:01     08.7     00.0    00.8   04.3     18.5    13:26     NNW
15    09.4    11.8   13:51    07.6   08:05     08.9     00.0    00.6   07.9     29.6    11:09      NW
16    09.3    11.9   15:35    07.3   03:36     09.0     00.0    00.0   04.2     18.5    11:55      NW
17    13.9    17.3   13:30    09.9   00:35     04.4     00.0    00.0   05.7     35.1    23:06      S 
18    16.6    18.2   11:25    14.8   04:06     01.7     00.0    00.0   13.4     55.5    12:03      S 
19    15.9    16.7   00:03    15.2   08:03     02.4     00.0    00.0   16.9     62.9    23:53      SE
20    13.7    16.1   00:07    09.5   23:58     04.6     00.0    08.8   20.6     72.2    05:20     SSE
21    13.3    15.7   12:43    09.3   00:41     05.0     00.0    00.0   16.5     59.2    11:57      SE
22    13.6    16.1   15:12    11.7   07:41     04.7     00.0    08.2   09.9     37.0    13:36      E 
23    12.4    14.5   04:21    09.9   23:59     05.9     00.0    00.6   21.4     55.5    09:30      E 
24    08.6    10.0   00:07    06.0   23:56     09.7     00.0    00.0   17.1     44.4    08:24      E 
25    05.8    07.1   10:32    04.8   22:25     12.5     00.0    00.0   09.9     35.1    04:13      E 
26    06.4    08.9   21:50    05.2   15:23     11.9     00.0    24.2   09.6     40.7    22:48     NNW
27    06.5    08.3   01:11    05.6   02:19     11.8     00.0    15.6   18.4     40.7    02:24      NW
----------------------------------------------------------------------------------------------------------------------------------------------------------
10.7 (10.9)   18.2  day 18     04.8  day 25   204.3    000.0   080.4   11.0     72.2   day 20     NNW
Min <=   30: 27
Max Rain: 24.2 ON 26-01-23
Days of Rain: 9 (> .2mm) 6 (> 2mm) 1 (> 20mm)