MONTHLY CLIMATOLOGICAL SUMMARY for APR. 2024 NAME: Kavala WX #2 CITY: Kavala (Rapsani) STATE: Kavala ELEV: 15m LAT: 040:56:06 LONG: -024:23:43 TEMPERATURE ( °C), RAIN (mm), WIND SPEED (kmh) HEAT COOL AVG MEAN DEG DEG WIND DOM DAY TEMP HIGH TIME LOW TIME DAYS DAYS RAIN SPEED HIGH TIME DIR ---------------------------------------------------------------------------------------------------------------------------------------------------------- 01 15.7 18.5 14:24 13.8 06:46 02.6 00.0 00.0 03.1 16.6 16:46 SSE 02 15.5 18.4 17:04 12.6 06:26 02.8 00.0 00.0 03.0 18.5 09:41 WNW 03 17.7 19.9 10:01 14.8 00:22 00.6 00.0 00.0 06.2 29.6 02:56 E 04 16.6 19.4 18:29 13.8 07:38 01.7 00.0 00.0 06.6 25.9 09:09 WNW 05 17.2 19.7 19:17 13.6 07:17 01.1 00.0 00.0 09.5 31.4 11:13 NW 06 17.6 21.0 18:59 14.3 07:14 00.7 00.0 00.0 05.4 33.3 09:04 W 07 17.5 20.4 14:00 15.6 20:57 00.8 00.0 02.2 03.2 55.5 17:43 NW 08 17.0 21.1 16:03 12.9 04:54 01.3 00.0 00.0 05.2 24.1 04:52 WNW 09 17.6 21.8 15:32 13.6 06:53 00.7 00.0 00.0 07.2 27.8 08:09 SW 10 17.6 20.6 18:20 14.5 06:57 00.7 00.0 00.0 06.0 29.6 02:21 SW 11 19.5 24.6 15:01 15.3 06:30 00.0 01.2 00.0 04.2 18.5 23:59 WNW 12 21.4 25.5 17:47 18.2 07:14 00.0 03.1 00.0 06.6 33.3 05:03 SSE 13 20.4 22.8 00:19 17.2 04:47 00.0 02.1 00.0 04.3 25.9 07:47 SW 14 19.7 22.1 14:38 17.2 06:20 00.0 01.4 00.0 04.0 31.4 09:35 W 15 19.7 23.3 16:33 16.6 06:41 00.0 01.4 00.0 04.2 29.6 08:40 NW 16 19.3 21.7 12:08 17.3 04:33 00.0 01.0 00.0 09.6 50.0 18:32 ESE 17 19.0 20.1 21:32 17.6 05:50 00.0 00.7 00.2 13.0 44.4 13:20 NW 18 16.9 20.7 14:36 12.8 05:57 01.4 00.0 00.0 17.1 51.8 16:17 NW 19 15.0 17.0 18:52 12.3 06:52 03.3 00.0 04.2 13.6 38.9 16:11 ENE 20 14.9 17.7 11:41 12.9 06:55 03.4 00.0 00.0 13.8 44.4 01:13 SE 21 14.7 16.1 17:41 11.4 23:36 03.6 00.0 20.2 17.9 42.5 22:27 ESE 22 13.3 16.4 14:29 09.8 06:59 05.0 00.0 00.0 10.1 40.7 00:04 WNW 23 15.8 18.4 23:14 12.3 06:23 02.5 00.0 08.4 08.7 33.3 20:07 E 24 17.9 21.3 12:23 15.7 06:13 00.4 00.0 00.0 09.0 37.0 11:30 WNW 25 17.0 19.3 18:30 14.6 07:09 01.3 00.0 00.0 08.2 44.4 15:55 NW 26 15.7 18.3 15:26 11.9 07:21 02.6 00.0 00.0 12.4 42.5 08:15 WNW 27 17.1 21.3 15:41 12.9 06:42 01.2 00.0 00.0 04.7 27.8 08:53 WNW 28 17.9 22.6 16:23 14.3 07:14 00.4 00.0 00.0 07.2 31.4 07:10 WNW ---------------------------------------------------------------------------------------------------------------------------------------------------------- 17.3 (17.3) 25.5 day 12 09.8 day 22 038.1 011.0 037.6 08.0 55.5 day 07 NW Min <= 30: 28 Max Rain: 20.2 ON 21-04-24 Days of Rain: 5 (> .2mm) 4 (> 2mm) 1 (> 20mm)