MONTHLY CLIMATOLOGICAL SUMMARY for JUL. 2017

NAME: Palaiochori WX   CITY: Palaiochori STATE: Kavala
ELEV: 115m LAT: 040:57:02 LONG: -024:10:57

                            TEMPERATURE ( C), RAIN (mm), WIND SPEED (kmh)

                                               HEAT     COOL           AVG
      MEAN                                     DEG      DEG            WIND                       DOM
DAY   TEMP    HIGH   TIME     LOW    TIME      DAYS     DAYS    RAIN   SPEED    HIGH    TIME      DIR
----------------------------------------------------------------------------------------------------------------------------------------------------------
03    23.9    24.8   22:38    19.8   21:00     00.0     05.6    02.0   00.2     11.1    22:41      S 
04    25.8    32.7   14:37    20.5   04:17     00.0     07.5    00.0   00.1     16.6    01:36      SW
05    26.4    34.4   13:53    19.2   05:35     00.0     08.1    00.0   00.0     12.9    00:42      W 
06    26.0    34.9   14:10    19.1   05:43     00.0     07.7    00.0   00.0     12.9    14:56      SW
07    27.5    37.1   13:44    19.0   05:03     00.0     09.2    00.0   00.3     22.2    16:22     WNW
08    26.4    33.2   15:06    19.9   06:14     00.0     08.1    00.0   00.1     16.6    13:16     SSW
09    29.1    39.4   14:24    21.0   06:06     00.0     10.8    00.0   00.0     12.9    16:19     SSW
10    29.4    35.9   14:49    24.3   04:55     00.0     11.1    00.0   00.3     68.5    23:31     WSW
11    28.2    36.5   14:59    20.6   05:34     00.0     09.9    00.0   00.5     68.5    23:59      SW
12    31.1    39.3   14:34    23.1   02:20     00.0     12.8    00.0   00.2     46.3    21:35      SW
----------------------------------------------------------------------------------------------------------------------------------------------------------
27.4 (27.7)   39.4  day 09     19.0  day 07   000.0    091.0   002.0   00.2     68.5   day 11      SW
Max >=  30: 9
Min <=   30: 10
Max Rain: 2.0 ON 3-07-17
Days of Rain: 1 (> .2mm) 0 (> 2mm) 0 (> 20mm)