MONTHLY CLIMATOLOGICAL SUMMARY for JAN. 2023

NAME: Palaiochori WX   CITY: Palaiochori STATE: Dimos Paggaiou
ELEV: 130 LAT: 040:57:02 LONG: -024:10:57

                            TEMPERATURE ( C), RAIN (mm), WIND SPEED (kmh)

                                               HEAT     COOL           AVG
      MEAN                                     DEG      DEG            WIND                       DOM
DAY   TEMP    HIGH   TIME     LOW    TIME      DAYS     DAYS    RAIN   SPEED    HIGH    TIME      DIR
----------------------------------------------------------------------------------------------------------------------------------------------------------
18    17.1    18.2   19:11    16.6   21:50     01.2     00.0    00.0   08.9     40.7    22:40     SSE
19    16.6    17.5   13:01    15.6   19:48     01.7     00.0    00.0   10.6     55.5    14:35      SE
20    12.6    16.2   00:07    07.3   00:00     05.7     00.0    21.6   09.0     85.1    17:23     ESE
21    11.7    15.2   21:33    04.9   04:35     06.6     00.0    02.2   07.5     46.3    21:11     ESE
22    12.0    14.6   00:39    09.2   09:00     06.3     00.0    02.8   04.6     29.6    14:19     ESE
23    11.6    13.0   05:19    09.4   23:59     06.7     00.0    00.0   06.8     37.0    05:59     SSE
24    08.3    09.5   00:01    06.6   23:58     10.0     00.0    00.0   05.0     25.9    19:09     ESE
25    05.8    06.8   12:35    04.9   19:31     12.5     00.0    00.0   03.7     29.6    13:15      E 
26    04.5    05.9   23:26    03.3   09:51     13.8     00.0    29.6   01.0     20.4    01:35      SE
27    06.0    08.1   14:47    04.6   08:30     12.3     00.0    05.2   00.7     11.1    13:28      N 
----------------------------------------------------------------------------------------------------------------------------------------------------------
10.6 (10.4)   18.2  day 18     03.3  day 26   076.8    000.0   097.2   05.8     85.1   day 20     ESE
Min <=   30: 10
Max Rain: 29.6 ON 26-01-23
Days of Rain: 5 (> .2mm) 5 (> 2mm) 2 (> 20mm)