MONTHLY CLIMATOLOGICAL SUMMARY for MAY. 2017

NAME: Kalamwnas WX   CITY: Kalamwnas STATE: Drama
ELEV: 5m LAT: 041:00:28 LONG: -024:13:05

                            TEMPERATURE ( C), RAIN (mm), WIND SPEED (kmh)

                                               HEAT     COOL           AVG
      MEAN                                     DEG      DEG            WIND                       DOM
DAY   TEMP    HIGH   TIME     LOW    TIME      DAYS     DAYS    RAIN   SPEED    HIGH    TIME      DIR
----------------------------------------------------------------------------------------------------------------------------------------------------------
01    21.1    27.4   16:43    15.8   06:36     00.0     02.8    00.0   00.7     16.6    16:21     ENE
02    20.6    29.6   15:04    11.0   07:07     00.0     02.3    00.0   00.8     20.4    17:44     NNE
03    21.1    29.3   14:06    12.8   06:38     00.0     02.8    00.0   01.0     20.4    15:48     NNE
04    21.3    29.6   13:59    12.5   07:04     00.0     03.0    00.0   01.6     24.1    16:29     NNE
05    20.8    27.7   16:05    13.0   06:36     00.0     02.5    00.0   02.6     24.1    16:10      N 
06    19.4    26.8   13:53    13.2   06:44     00.0     01.1    00.0   01.3     24.1    13:25      NE
07    17.0    24.7   15:48    11.3   05:04     01.3     00.0    01.4   01.1     24.1    15:44      NE
08    18.1    26.4   15:56    10.0   06:42     00.2     00.0    00.2   01.1     25.9    17:43      E 
09    18.3    23.8   11:51    13.4   04:12     00.0     00.0    00.0   00.5     29.6    14:15      E 
10    17.1    22.4   16:24    13.3   08:11     01.2     00.0    01.2   01.1     20.4    17:06      NE
11    17.2    24.3   15:41    10.3   06:11     01.1     00.0    00.2   00.7     18.5    21:33      NE
12    18.6    26.8   16:53    12.4   06:48     00.0     00.3    00.2   00.5     18.5    16:21     NNE
13    22.3    32.1   16:19    14.2   06:06     00.0     04.0    00.0   00.3     24.1    17:32     NNW
14    23.5    32.1   18:02    15.4   06:42     00.0     05.2    00.0   01.6     27.8    18:30     ENE
15    20.1    26.6   14:57    13.2   06:01     00.0     01.8    02.0   02.0     27.8    14:06     NNE
16    20.1    23.8   13:28    16.9   06:34     00.0     01.8    00.2   00.0     14.8    14:44      NE
17    19.3    25.1   12:53    13.9   06:26     00.0     01.0    00.0   00.3     18.5    15:36     NNE
18    20.4    26.2   15:53    17.1   23:31     00.0     02.1    00.0   00.5     18.5    17:45      SW
19    18.1    25.9   13:40    08.7   06:34     00.2     00.0    00.0   00.6     20.4    17:07     NNE
20    19.1    27.7   14:39    10.2   06:42     00.0     00.8    00.0   01.4     27.8    20:01      N 
21    18.0    24.3   12:32    11.9   06:20     00.3     00.0    00.2   01.1     31.4    12:30      NE
22    19.0    27.2   14:01    10.9   06:02     00.0     00.7    00.0   00.1     11.1    20:53      NE
23    19.4    27.1   14:24    11.9   06:31     00.0     01.1    00.0   00.5     18.5    15:57     NNE
24    19.6    25.4   16:28    16.8   06:35     00.0     01.3    01.2   00.0     05.5    19:45      NW
25    19.0    25.8   13:23    15.8   07:04     00.0     00.7    01.6   00.1     12.9    13:04     ENE
26    16.8    20.1   18:29    14.2   01:54     01.5     00.0    06.2   00.0     03.7    12:04      NE
27    17.3    22.2   12:44    15.2   06:18     01.0     00.0    04.0   00.0     09.3    12:59      E 
28    18.0    22.5   18:44    15.1   05:35     00.3     00.0    00.8   00.1     12.9    17:48      NE
29    18.7    27.6   15:27    11.4   06:27     00.0     00.4    00.0   00.3     14.8    17:10      SE
30    20.2    28.9   14:10    11.9   06:22     00.0     01.9    00.2   01.3     25.9    18:00     NNE
----------------------------------------------------------------------------------------------------------------------------------------------------------
19.3 (19.7)   32.1  day 14     08.7  day 19   007.1    037.8   019.6   00.8     31.5   day 14      NE
Max >=  30: 2
Min <=   30: 30
Max Rain: 6.2 ON 26-05-17
Days of Rain: 14 (> .2mm) 2 (> 2mm) 0 (> 20mm)